Last updated on 2022-05-18 09:54:03 CEST.
Flavor | Version | Tinstall | Tcheck | Ttotal | Status | Flags |
---|---|---|---|---|---|---|
r-devel-linux-x86_64-debian-clang | 2.0.2 | 67.25 | 65.82 | 133.07 | OK | |
r-devel-linux-x86_64-debian-gcc | 2.0.2 | 52.30 | 49.19 | 101.49 | OK | |
r-devel-linux-x86_64-fedora-clang | 2.0.2 | 197.75 | NOTE | |||
r-devel-linux-x86_64-fedora-gcc | 2.0.2 | 169.84 | NOTE | |||
r-devel-windows-x86_64 | 2.0.2 | 86.00 | 116.00 | 202.00 | OK | |
r-patched-linux-x86_64 | 2.0.2 | 60.07 | 62.53 | 122.60 | OK | |
r-release-linux-x86_64 | 2.0.2 | 61.63 | 63.21 | 124.84 | OK | |
r-release-macos-arm64 | 2.0.2 | 49.00 | OK | |||
r-release-macos-x86_64 | 2.0.2 | 63.00 | OK | |||
r-release-windows-x86_64 | 2.0.2 | 82.00 | 121.00 | 203.00 | OK | |
r-oldrel-macos-arm64 | 2.0.2 | 64.00 | OK | |||
r-oldrel-macos-x86_64 | 2.0.2 | 91.00 | OK | |||
r-oldrel-windows-ix86+x86_64 | 2.0.2 | 175.00 | 108.00 | 283.00 | OK |
Version: 2.0.2
Check: compiled code
Result: NOTE
File ‘hsphase/libs/hsphase.so’:
Found no calls to: ‘R_registerRoutines’, ‘R_useDynamicSymbols’
It is good practice to register native routines and to disable symbol
search.
See ‘Writing portable packages’ in the ‘Writing R Extensions’ manual.
Flavors: r-devel-linux-x86_64-fedora-clang, r-devel-linux-x86_64-fedora-gcc