CRAN Package Check Results for Package hrqglas

Last updated on 2024-02-23 07:52:11 CET.

Flavor Version Tinstall Tcheck Ttotal Status Flags
r-devel-linux-x86_64-debian-clang 1.1.0 OK
r-devel-linux-x86_64-debian-gcc 1.1.0 7.59 53.22 60.81 OK
r-devel-linux-x86_64-fedora-clang 1.1.0 95.63 NOTE
r-devel-linux-x86_64-fedora-gcc 1.1.0 93.39 NOTE
r-devel-windows-x86_64 1.1.0 10.00 68.00 78.00 OK
r-patched-linux-x86_64 1.1.0 7.20 68.27 75.47 OK
r-release-linux-x86_64 1.1.0 8.93 67.23 76.16 OK
r-release-macos-arm64 1.1.0 36.00 OK
r-release-macos-x86_64 1.1.0 50.00 OK
r-release-windows-x86_64 1.1.0 12.00 77.00 89.00 OK
r-oldrel-macos-arm64 1.1.0 34.00 OK
r-oldrel-windows-x86_64 1.1.0 12.00 80.00 92.00 OK

Check Details

Version: 1.1.0
Check: dependencies in R code
Result: NOTE Namespaces in Imports field not imported from: ‘Rcpp’ ‘quantreg’ All declared Imports should be used. Flavors: r-devel-linux-x86_64-fedora-clang, r-devel-linux-x86_64-fedora-gcc