CRAN Package Check Results for Package hqmisc

Last updated on 2021-12-06 19:50:41 CET.

Flavor Version Tinstall Tcheck Ttotal Status Flags
r-devel-linux-x86_64-debian-clang 0.1-1 1.86 28.88 30.74 NOTE
r-devel-linux-x86_64-debian-gcc 0.1-1 1.55 23.03 24.58 NOTE
r-devel-linux-x86_64-fedora-clang 0.1-1 39.08 NOTE
r-devel-linux-x86_64-fedora-gcc 0.1-1 28.23 NOTE
r-devel-windows-x86_64-new-UL 0.1-1 4.00 52.00 56.00 NOTE
r-devel-windows-x86_64-new-TK 0.1-1 NOTE
r-devel-windows-x86_64-old 0.1-1 3.00 26.00 29.00 NOTE
r-patched-linux-x86_64 0.1-1 2.05 19.98 22.03 NOTE
r-release-linux-x86_64 0.1-1 1.67 27.99 29.66 NOTE
r-release-macos-arm64 0.1-1 NOTE
r-release-macos-x86_64 0.1-1 NOTE
r-release-windows-ix86+x86_64 0.1-1 4.00 28.00 32.00 NOTE
r-oldrel-macos-x86_64 0.1-1 NOTE
r-oldrel-windows-ix86+x86_64 0.1-1 3.00 28.00 31.00 NOTE

Check Details

Version: 0.1-1
Check: R code for possible problems
Result: NOTE
    bracket: no visible global function definition for 'segments'
    Undefined global functions or variables:
     segments
    Consider adding
     importFrom("graphics", "segments")
    to your NAMESPACE file.
Flavors: r-devel-linux-x86_64-debian-clang, r-devel-linux-x86_64-debian-gcc, r-devel-linux-x86_64-fedora-clang, r-devel-linux-x86_64-fedora-gcc, r-devel-windows-x86_64-new-UL, r-devel-windows-x86_64-new-TK, r-devel-windows-x86_64-old, r-patched-linux-x86_64, r-release-linux-x86_64, r-release-macos-arm64, r-release-macos-x86_64, r-release-windows-ix86+x86_64, r-oldrel-macos-x86_64, r-oldrel-windows-ix86+x86_64