CRAN Package Check Results for Package hpiR

Last updated on 2019-08-17 11:47:26 CEST.

Flavor Version Tinstall Tcheck Ttotal Status Flags
r-devel-linux-x86_64-debian-clang 0.2.0 15.27 157.24 172.51 OK
r-devel-linux-x86_64-debian-gcc 0.2.0 13.24 117.48 130.72 OK
r-devel-linux-x86_64-fedora-clang 0.2.0 197.00 NOTE
r-devel-linux-x86_64-fedora-gcc 0.2.0 192.22 NOTE
r-devel-windows-ix86+x86_64 0.2.0 46.00 236.00 282.00 OK
r-patched-linux-x86_64 0.2.0 15.61 147.22 162.83 OK
r-patched-solaris-x86 0.2.0 343.60 NOTE
r-release-linux-x86_64 0.2.0 14.52 145.41 159.93 OK
r-release-windows-ix86+x86_64 0.2.0 32.00 239.00 271.00 OK
r-release-osx-x86_64 0.2.0 NOTE
r-oldrel-windows-ix86+x86_64 0.2.0 29.00 227.00 256.00 OK
r-oldrel-osx-x86_64 0.2.0 NOTE

Check Details

Version: 0.2.0
Check: dependencies in R code
Result: NOTE
    Namespace in Imports field not imported from: ‘knitr’
     All declared Imports should be used.
Flavors: r-devel-linux-x86_64-fedora-clang, r-devel-linux-x86_64-fedora-gcc, r-patched-solaris-x86, r-release-osx-x86_64, r-oldrel-osx-x86_64