CRAN Package Check Results for Package hpiR

Last updated on 2019-12-07 08:49:28 CET.

Flavor Version Tinstall Tcheck Ttotal Status Flags
r-devel-linux-x86_64-debian-clang 0.2.0 16.82 171.12 187.94 OK
r-devel-linux-x86_64-debian-gcc 0.2.0 14.94 124.18 139.12 OK
r-devel-linux-x86_64-fedora-clang 0.2.0 221.90 NOTE
r-devel-linux-x86_64-fedora-gcc 0.2.0 216.47 NOTE
r-devel-windows-ix86+x86_64 0.2.0 37.00 238.00 275.00 OK
r-devel-windows-ix86+x86_64-gcc8 0.2.0 35.00 183.00 218.00 OK
r-patched-linux-x86_64 0.2.0 15.14 146.26 161.40 OK
r-patched-solaris-x86 0.2.0 309.30 NOTE
r-release-linux-x86_64 0.2.0 15.46 147.31 162.77 OK
r-release-windows-ix86+x86_64 0.2.0 30.00 170.00 200.00 OK
r-release-osx-x86_64 0.2.0 NOTE
r-oldrel-windows-ix86+x86_64 0.2.0 20.00 225.00 245.00 OK
r-oldrel-osx-x86_64 0.2.0 NOTE

Check Details

Version: 0.2.0
Check: dependencies in R code
Result: NOTE
    Namespace in Imports field not imported from: ‘knitr’
     All declared Imports should be used.
Flavors: r-devel-linux-x86_64-fedora-clang, r-devel-linux-x86_64-fedora-gcc, r-patched-solaris-x86, r-release-osx-x86_64, r-oldrel-osx-x86_64