CRAN Package Check Results for Package hoardeR

Last updated on 2024-02-28 19:49:38 CET.

Flavor Version Tinstall Tcheck Ttotal Status Flags
r-devel-linux-x86_64-debian-clang 0.9.4-2 34.53 304.55 339.08 NOTE
r-devel-linux-x86_64-debian-gcc 0.9.4-2 27.68 227.25 254.93 NOTE
r-devel-linux-x86_64-fedora-clang 0.9.4-2 428.25 NOTE
r-devel-linux-x86_64-fedora-gcc 0.9.4-2 420.82 NOTE
r-devel-windows-x86_64 0.9.4-2 28.00 225.00 253.00 NOTE
r-patched-linux-x86_64 0.9.4-2 32.70 294.63 327.33 OK
r-release-linux-x86_64 0.9.4-2 31.97 295.84 327.81 OK
r-release-macos-arm64 0.9.4-2 11.00 ERROR
r-release-macos-x86_64 0.9.4-2 222.00 OK
r-release-windows-x86_64 0.9.4-2 35.00 268.00 303.00 OK
r-oldrel-macos-arm64 0.9.4-2 93.00 NOTE
r-oldrel-windows-x86_64 0.9.4-2 35.00 264.00 299.00 OK

Check Details

Version: 0.9.4-2
Check: Rd metadata
Result: NOTE Invalid package aliases in Rd file 'hoardeR-package.Rd': ‘R/hoardeR-package’ Flavors: r-devel-linux-x86_64-debian-clang, r-devel-linux-x86_64-debian-gcc, r-devel-linux-x86_64-fedora-clang, r-devel-linux-x86_64-fedora-gcc, r-devel-windows-x86_64

Version: 0.9.4-2
Check: dependencies in R code
Result: NOTE Namespaces in Imports field not imported from: ‘knitr’ ‘rmarkdown’ All declared Imports should be used. Flavors: r-devel-linux-x86_64-fedora-clang, r-devel-linux-x86_64-fedora-gcc, r-oldrel-macos-arm64

Version: 0.9.4-2
Check: whether package can be installed
Result: ERROR Installation failed. Flavor: r-release-macos-arm64