CRAN Package Check Results for Package hlaR

Last updated on 2021-12-01 19:51:38 CET.

Flavor Version Tinstall Tcheck Ttotal Status Flags
r-devel-linux-x86_64-debian-clang 0.1.1 13.39 154.59 167.98 OK
r-devel-linux-x86_64-debian-gcc 0.1.1 11.27 111.60 122.87 OK
r-devel-linux-x86_64-fedora-clang 0.1.1 206.31 NOTE
r-devel-linux-x86_64-fedora-gcc 0.1.1 193.44 NOTE
r-devel-windows-x86_64-new-UL 0.1.1 27.00 219.00 246.00 OK
r-devel-windows-x86_64-new-TK 0.1.1 NOTE
r-devel-windows-x86_64-old 0.1.1 23.00 155.00 178.00 OK
r-patched-linux-x86_64 0.1.1 13.36 147.90 161.26 OK
r-patched-solaris-x86 0.1.1 194.10 NOTE
r-release-linux-x86_64 0.1.1 12.70 123.34 136.04 WARN
r-release-macos-arm64 0.1.1 NOTE
r-release-macos-x86_64 0.1.1 NOTE
r-release-windows-ix86+x86_64 0.1.1 32.00 184.00 216.00 OK
r-oldrel-macos-x86_64 0.1.1 NOTE
r-oldrel-windows-ix86+x86_64 0.1.1 26.00 201.00 227.00 OK

Check Details

Version: 0.1.1
Check: dependencies in R code
Result: NOTE
    Namespaces in Imports field not imported from:
     ‘here’ ‘readxlsb’ ‘usethis’
     All declared Imports should be used.
Flavors: r-devel-linux-x86_64-fedora-clang, r-devel-linux-x86_64-fedora-gcc, r-devel-windows-x86_64-new-TK, r-patched-solaris-x86, r-release-macos-arm64, r-release-macos-x86_64, r-oldrel-macos-x86_64

Version: 0.1.1
Check: re-building of vignette outputs
Result: WARN
    Error(s) in re-building vignettes:
     ...
    --- re-building ‘allele-haplotype.Rmd’ using rmarkdown
    ── Attaching packages ─────────────────────────────────────── tidyverse 1.3.1 ──
    ✔ ggplot2 3.3.5 ✔ dplyr 1.0.7
    ✔ tibble 3.1.6 ✔ stringr 1.4.0
    ✔ tidyr 1.1.4 ✔ forcats 0.5.1
    ✔ purrr 0.3.4
    ── Conflicts ────────────────────────────────────────── tidyverse_conflicts() ──
    ✖ dplyr::filter() masks stats::filter()
    ✖ dplyr::lag() masks stats::lag()
    Quitting from lines 43-44 (allele-haplotype.Rmd)
    Error: processing vignette 'allele-haplotype.Rmd' failed with diagnostics:
    cannot open the connection to ‘https://raw.githubusercontent.com/LarsenLab/public-data/master/A_C_B_DRB345_DRB1_DQB1_part1.csv’
    --- failed re-building ‘allele-haplotype.Rmd’
    
    --- re-building ‘eplet-mm.Rmd’ using rmarkdown
    ── Attaching packages ─────────────────────────────────────── tidyverse 1.3.1 ──
    ✔ ggplot2 3.3.5 ✔ purrr 0.3.4
    ✔ tibble 3.1.6 ✔ dplyr 1.0.7
    ✔ tidyr 1.1.4 ✔ stringr 1.4.0
    ✔ readr 2.1.0 ✔ forcats 0.5.1
    ── Conflicts ────────────────────────────────────────── tidyverse_conflicts() ──
    ✖ dplyr::filter() masks stats::filter()
    ✖ dplyr::lag() masks stats::lag()
    --- finished re-building ‘eplet-mm.Rmd’
    
    SUMMARY: processing the following file failed:
     ‘allele-haplotype.Rmd’
    
    Error: Vignette re-building failed.
    Execution halted
Flavor: r-release-linux-x86_64