CRAN Package Check Results for Package hipread

Last updated on 2019-08-23 10:48:14 CEST.

Flavor Version Tinstall Tcheck Ttotal Status Flags
r-devel-linux-x86_64-debian-clang 0.2.1 121.12 32.09 153.21 OK
r-devel-linux-x86_64-debian-gcc 0.2.1 104.12 25.47 129.59 OK
r-devel-linux-x86_64-fedora-clang 0.2.1 247.90 NOTE
r-devel-linux-x86_64-fedora-gcc 0.2.1 235.01 OK
r-devel-windows-ix86+x86_64 0.2.1 332.00 93.00 425.00 OK
r-patched-linux-x86_64 0.2.1 115.94 31.40 147.34 OK
r-patched-solaris-x86 0.2.1 259.30 OK
r-release-linux-x86_64 0.2.1 115.31 31.09 146.40 OK
r-release-windows-ix86+x86_64 0.2.1 450.00 100.00 550.00 OK
r-release-osx-x86_64 0.2.1 OK
r-oldrel-windows-ix86+x86_64 0.2.1 435.00 96.00 531.00 OK
r-oldrel-osx-x86_64 0.2.1 OK

Check Details

Version: 0.2.1
Check: installed package size
Result: NOTE
     installed size is 5.7Mb
     sub-directories of 1Mb or more:
     libs 5.3Mb
Flavor: r-devel-linux-x86_64-fedora-clang