CRAN Package Check Results for Package hipread

Last updated on 2020-01-25 08:49:57 CET.

Flavor Version Tinstall Tcheck Ttotal Status Flags
r-devel-linux-x86_64-debian-clang 0.2.1 146.58 34.38 180.96 OK
r-devel-linux-x86_64-debian-gcc 0.2.1 97.93 27.56 125.49 OK
r-devel-linux-x86_64-fedora-clang 0.2.1 253.88 NOTE
r-devel-linux-x86_64-fedora-gcc 0.2.1 241.39 OK
r-devel-windows-ix86+x86_64 0.2.1 355.00 105.00 460.00 OK
r-devel-windows-ix86+x86_64-gcc8 0.2.1 520.00 76.00 596.00 OK
r-patched-linux-x86_64 0.2.1 118.26 30.86 149.12 OK
r-patched-solaris-x86 0.2.1 272.50 OK
r-release-linux-x86_64 0.2.1 118.39 31.55 149.94 OK
r-release-windows-ix86+x86_64 0.2.1 320.00 94.00 414.00 OK
r-release-osx-x86_64 0.2.1 OK
r-oldrel-windows-ix86+x86_64 0.2.1 312.00 69.00 381.00 OK
r-oldrel-osx-x86_64 0.2.1 OK

Check Details

Version: 0.2.1
Check: installed package size
Result: NOTE
     installed size is 5.7Mb
     sub-directories of 1Mb or more:
     libs 5.3Mb
Flavor: r-devel-linux-x86_64-fedora-clang