CRAN Package Check Results for Package hilbertSimilarity

Last updated on 2024-02-26 19:50:11 CET.

Flavor Version Tinstall Tcheck Ttotal Status Flags
r-devel-linux-x86_64-debian-clang 0.4.3 19.44 146.67 166.11 NOTE
r-devel-linux-x86_64-debian-gcc 0.4.3 13.56 118.72 132.28 NOTE
r-devel-linux-x86_64-fedora-clang 0.4.3 225.47 NOTE
r-devel-linux-x86_64-fedora-gcc 0.4.3 272.22 NOTE
r-devel-windows-x86_64 0.4.3 17.00 219.00 236.00 NOTE
r-patched-linux-x86_64 0.4.3 20.29 158.81 179.10 NOTE
r-release-linux-x86_64 0.4.3 16.88 159.44 176.32 NOTE
r-release-macos-arm64 0.4.3 68.00 NOTE
r-release-macos-x86_64 0.4.3 121.00 NOTE
r-release-windows-x86_64 0.4.3 15.00 227.00 242.00 NOTE
r-oldrel-macos-arm64 0.4.3 63.00 NOTE
r-oldrel-windows-x86_64 0.4.3 22.00 223.00 245.00 NOTE

Check Details

Version: 0.4.3
Check: C++ specification
Result: NOTE Specified C++11: please drop specification unless essential Flavors: r-devel-linux-x86_64-debian-clang, r-devel-linux-x86_64-debian-gcc, r-devel-linux-x86_64-fedora-clang, r-devel-linux-x86_64-fedora-gcc, r-devel-windows-x86_64, r-patched-linux-x86_64, r-release-linux-x86_64, r-release-macos-arm64, r-release-macos-x86_64, r-release-windows-x86_64

Version: 0.4.3
Check: LazyData
Result: NOTE 'LazyData' is specified without a 'data' directory Flavors: r-devel-linux-x86_64-debian-clang, r-devel-linux-x86_64-debian-gcc, r-devel-linux-x86_64-fedora-clang, r-devel-linux-x86_64-fedora-gcc, r-devel-windows-x86_64, r-patched-linux-x86_64, r-release-linux-x86_64, r-release-macos-arm64, r-release-macos-x86_64, r-release-windows-x86_64, r-oldrel-macos-arm64, r-oldrel-windows-x86_64