CRAN Package Check Results for Package hilbertSimilarity

Last updated on 2023-02-07 21:54:18 CET.

Flavor Version Tinstall Tcheck Ttotal Status Flags
r-devel-linux-x86_64-debian-clang 0.4.3 20.86 191.42 212.28 NOTE
r-devel-linux-x86_64-debian-gcc 0.4.3 14.66 145.08 159.74 NOTE
r-devel-linux-x86_64-fedora-clang 0.4.3 269.27 NOTE
r-devel-linux-x86_64-fedora-gcc 0.4.3 280.18 NOTE
r-devel-windows-x86_64 0.4.3 56.00 270.00 326.00 NOTE
r-patched-linux-x86_64 0.4.3 13.64 188.90 202.54 NOTE
r-release-linux-x86_64 0.4.3 15.04 183.60 198.64 NOTE
r-release-macos-arm64 0.4.3 57.00 NOTE
r-release-macos-x86_64 0.4.3 84.00 NOTE
r-release-windows-x86_64 0.4.3 43.00 284.00 327.00 NOTE
r-oldrel-macos-arm64 0.4.3 74.00 NOTE
r-oldrel-macos-x86_64 0.4.3 168.00 NOTE
r-oldrel-windows-ix86+x86_64 0.4.3 47.00 258.00 305.00 NOTE

Check Details

Version: 0.4.3
Check: C++ specification
Result: NOTE
     Specified C++11: please update to current default of C++17
Flavors: r-devel-linux-x86_64-debian-clang, r-devel-linux-x86_64-debian-gcc, r-devel-linux-x86_64-fedora-clang, r-devel-windows-x86_64

Version: 0.4.3
Check: LazyData
Result: NOTE
     'LazyData' is specified without a 'data' directory
Flavors: r-devel-linux-x86_64-debian-clang, r-devel-linux-x86_64-debian-gcc, r-devel-linux-x86_64-fedora-clang, r-devel-linux-x86_64-fedora-gcc, r-devel-windows-x86_64, r-patched-linux-x86_64, r-release-linux-x86_64, r-release-macos-arm64, r-release-macos-x86_64, r-release-windows-x86_64, r-oldrel-macos-arm64, r-oldrel-macos-x86_64, r-oldrel-windows-ix86+x86_64

Version: 0.4.3
Check: C++ specification
Result: NOTE
     Specified C++11: please drop specification unless essential
Flavor: r-devel-linux-x86_64-fedora-gcc