CRAN Package Check Results for Package higrad

Last updated on 2024-02-26 19:50:11 CET.

Flavor Version Tinstall Tcheck Ttotal Status Flags
r-devel-linux-x86_64-debian-clang 0.1.0 2.34 26.26 28.60 NOTE
r-devel-linux-x86_64-debian-gcc 0.1.0 1.78 20.43 22.21 NOTE
r-devel-linux-x86_64-fedora-clang 0.1.0 35.62 NOTE
r-devel-linux-x86_64-fedora-gcc 0.1.0 33.72 NOTE
r-devel-windows-x86_64 0.1.0 3.00 41.00 44.00 NOTE
r-patched-linux-x86_64 0.1.0 2.00 25.62 27.62 NOTE
r-release-linux-x86_64 0.1.0 1.95 26.19 28.14 NOTE
r-release-macos-arm64 0.1.0 16.00 NOTE
r-release-macos-x86_64 0.1.0 22.00 NOTE
r-release-windows-x86_64 0.1.0 3.00 43.00 46.00 NOTE
r-oldrel-macos-arm64 0.1.0 17.00 NOTE
r-oldrel-windows-x86_64 0.1.0 4.00 45.00 49.00 NOTE

Check Details

Version: 0.1.0
Check: LazyData
Result: NOTE 'LazyData' is specified without a 'data' directory Flavors: r-devel-linux-x86_64-debian-clang, r-devel-linux-x86_64-debian-gcc, r-devel-linux-x86_64-fedora-clang, r-devel-linux-x86_64-fedora-gcc, r-devel-windows-x86_64, r-patched-linux-x86_64, r-release-linux-x86_64, r-release-macos-arm64, r-release-macos-x86_64, r-release-windows-x86_64, r-oldrel-macos-arm64, r-oldrel-windows-x86_64