CRAN Package Check Results for Package highmean

Last updated on 2021-09-20 08:50:20 CEST.

Flavor Version Tinstall Tcheck Ttotal Status Flags
r-devel-linux-x86_64-debian-clang 3.0 6.26 42.15 48.41 OK
r-devel-linux-x86_64-debian-gcc 3.0 4.37 31.62 35.99 OK
r-devel-linux-x86_64-fedora-clang 3.0 65.29 OK
r-devel-linux-x86_64-fedora-gcc 3.0 55.02 OK
r-devel-windows-x86_64 3.0 5.00 43.00 48.00 OK
r-devel-windows-x86_64-gcc10-UCRT 3.0 ERROR
r-patched-linux-x86_64 3.0 5.29 40.69 45.98 OK
r-patched-solaris-x86 3.0 78.30 OK
r-release-linux-x86_64 3.0 4.18 40.91 45.09 OK
r-release-macos-arm64 3.0 OK
r-release-macos-x86_64 3.0 OK
r-release-windows-ix86+x86_64 3.0 11.00 46.00 57.00 OK
r-oldrel-macos-x86_64 3.0 OK
r-oldrel-windows-ix86+x86_64 3.0 10.00 45.00 55.00 OK

Check Details

Version: 3.0
Check: whether package can be installed
Result: WARN
    Found the following significant warnings:
     WARNING: installation-time patches will not be applied, could not get the patches index
Flavor: r-devel-windows-x86_64-gcc10-UCRT

Version: 3.0
Check: PDF version of manual
Result: WARN
    LaTeX errors when creating PDF version.
    This typically indicates Rd problems.
Flavor: r-devel-windows-x86_64-gcc10-UCRT

Version: 3.0
Check: PDF version of manual without hyperrefs or index
Result: ERROR
    Re-running with no redirection of stdout/stderr.
Flavor: r-devel-windows-x86_64-gcc10-UCRT