CRAN Package Check Results for Package hier.part

Last updated on 2021-09-21 20:51:03 CEST.

Flavor Version Tinstall Tcheck Ttotal Status Flags
r-devel-linux-x86_64-debian-clang 1.0-6 5.25 49.08 54.33 OK
r-devel-linux-x86_64-debian-gcc 1.0-6 5.26 38.17 43.43 OK
r-devel-linux-x86_64-fedora-clang 1.0-6 74.49 OK
r-devel-linux-x86_64-fedora-gcc 1.0-6 64.02 OK
r-devel-windows-x86_64 1.0-6 9.00 50.00 59.00 OK
r-devel-windows-x86_64-gcc10-UCRT 1.0-6 ERROR
r-patched-linux-x86_64 1.0-6 5.90 46.81 52.71 OK
r-patched-solaris-x86 1.0-6 95.80 OK
r-release-linux-x86_64 1.0-6 5.82 47.28 53.10 OK
r-release-macos-arm64 1.0-6 OK
r-release-macos-x86_64 1.0-6 OK
r-release-windows-ix86+x86_64 1.0-6 18.00 61.00 79.00 OK
r-oldrel-macos-x86_64 1.0-6 OK
r-oldrel-windows-ix86+x86_64 1.0-6 19.00 64.00 83.00 OK

Check Details

Version: 1.0-6
Check: whether package can be installed
Result: ERROR
    Installation failed.
Flavor: r-devel-windows-x86_64-gcc10-UCRT