CRAN Package Check Results for Package hexSticker

Last updated on 2021-09-21 20:51:03 CEST.

Flavor Version Tinstall Tcheck Ttotal Status Flags
r-devel-linux-x86_64-debian-clang 0.4.9 5.91 57.23 63.14 NOTE
r-devel-linux-x86_64-debian-gcc 0.4.9 4.60 42.89 47.49 NOTE
r-devel-linux-x86_64-fedora-clang 0.4.9 84.18 NOTE
r-devel-linux-x86_64-fedora-gcc 0.4.9 69.31 NOTE
r-devel-windows-x86_64 0.4.9 8.00 55.00 63.00 NOTE
r-devel-windows-x86_64-gcc10-UCRT 0.4.9 ERROR
r-patched-linux-x86_64 0.4.9 5.57 51.98 57.55 NOTE
r-patched-solaris-x86 0.4.9 112.20 NOTE
r-release-linux-x86_64 0.4.9 5.76 53.19 58.95 NOTE
r-release-macos-arm64 0.4.9 NOTE
r-release-macos-x86_64 0.4.9 NOTE
r-release-windows-ix86+x86_64 0.4.9 16.00 54.00 70.00 NOTE
r-oldrel-macos-x86_64 0.4.9 OK
r-oldrel-windows-ix86+x86_64 0.4.9 19.00 55.00 74.00 OK

Check Details

Version: 0.4.9
Check: LazyData
Result: NOTE
     'LazyData' is specified without a 'data' directory
Flavors: r-devel-linux-x86_64-debian-clang, r-devel-linux-x86_64-debian-gcc, r-devel-linux-x86_64-fedora-clang, r-devel-linux-x86_64-fedora-gcc, r-devel-windows-x86_64, r-devel-windows-x86_64-gcc10-UCRT, r-patched-linux-x86_64, r-patched-solaris-x86, r-release-linux-x86_64, r-release-macos-arm64, r-release-macos-x86_64, r-release-windows-ix86+x86_64

Version: 0.4.9
Check: whether package can be installed
Result: WARN
    Found the following significant warnings:
     WARNING: installation-time patches will not be applied, could not get the patches index
Flavor: r-devel-windows-x86_64-gcc10-UCRT

Version: 0.4.9
Check: PDF version of manual
Result: WARN
    LaTeX errors when creating PDF version.
    This typically indicates Rd problems.
Flavor: r-devel-windows-x86_64-gcc10-UCRT

Version: 0.4.9
Check: PDF version of manual without hyperrefs or index
Result: ERROR
    Re-running with no redirection of stdout/stderr.
Flavor: r-devel-windows-x86_64-gcc10-UCRT