CRAN Package Check Results for Package heuristica

Last updated on 2024-02-24 19:50:41 CET.

Flavor Version Tinstall Tcheck Ttotal Status Flags
r-devel-linux-x86_64-debian-clang 1.0.3 4.00 235.18 239.18 NOTE
r-devel-linux-x86_64-debian-gcc 1.0.3 3.12 162.12 165.24 NOTE
r-devel-linux-x86_64-fedora-clang 1.0.3 277.77 OK
r-devel-linux-x86_64-fedora-gcc 1.0.3 286.72 OK
r-devel-windows-x86_64 1.0.3 5.00 183.00 188.00 OK
r-patched-linux-x86_64 1.0.3 3.24 222.47 225.71 OK
r-release-linux-x86_64 1.0.3 2.53 221.13 223.66 OK
r-release-macos-arm64 1.0.3 86.00 OK
r-release-macos-x86_64 1.0.3 136.00 OK
r-release-windows-x86_64 1.0.3 6.00 229.00 235.00 OK
r-oldrel-macos-arm64 1.0.3 69.00 OK
r-oldrel-windows-x86_64 1.0.3 7.00 224.00 231.00 OK

Check Details

Version: 1.0.3
Check: Rd files
Result: NOTE checkRd: (-1) predictPair.Rd:20: Lost braces; missing escapes or markup? 20 | A number in the set {-1, 0, 1}, where 1 means row1 is predicted to | ^ checkRd: (-1) predictPairInternal.Rd:18: Lost braces; missing escapes or markup? 18 | A number in the set {-1, 0, 1}, where 1 means row1 is predicted to | ^ Flavors: r-devel-linux-x86_64-debian-clang, r-devel-linux-x86_64-debian-gcc