CRAN Package Check Results for Package hettx

Last updated on 2019-08-25 10:46:20 CEST.

Flavor Version Tinstall Tcheck Ttotal Status Flags
r-devel-linux-x86_64-debian-clang 0.1.1 10.19 254.60 264.79 OK
r-devel-linux-x86_64-debian-gcc 0.1.1 9.17 191.63 200.80 OK
r-devel-linux-x86_64-fedora-clang 0.1.1 299.77 NOTE
r-devel-linux-x86_64-fedora-gcc 0.1.1 304.12 NOTE
r-devel-windows-ix86+x86_64 0.1.1 18.00 252.00 270.00 OK
r-patched-linux-x86_64 0.1.1 10.01 244.50 254.51 OK
r-patched-solaris-x86 0.1.1 432.90 NOTE
r-release-linux-x86_64 0.1.1 9.13 245.36 254.49 OK
r-release-windows-ix86+x86_64 0.1.1 37.00 335.00 372.00 OK
r-release-osx-x86_64 0.1.1 NOTE
r-oldrel-windows-ix86+x86_64 0.1.1 18.00 347.00 365.00 OK
r-oldrel-osx-x86_64 0.1.1 NOTE

Check Details

Version: 0.1.1
Check: dependencies in R code
Result: NOTE
    Namespaces in Imports field not imported from:
     ‘dplyr’ ‘purrr’ ‘tidyverse’
     All declared Imports should be used.
Flavors: r-devel-linux-x86_64-fedora-clang, r-devel-linux-x86_64-fedora-gcc, r-patched-solaris-x86, r-release-osx-x86_64, r-oldrel-osx-x86_64