CRAN Package Check Results for Package hettx

Last updated on 2020-01-23 09:52:03 CET.

Flavor Version Tinstall Tcheck Ttotal Status Flags
r-devel-linux-x86_64-debian-clang 0.1.1 10.19 280.70 290.89 OK
r-devel-linux-x86_64-debian-gcc 0.1.1 10.28 212.96 223.24 OK
r-devel-linux-x86_64-fedora-clang 0.1.1 337.51 NOTE
r-devel-linux-x86_64-fedora-gcc 0.1.1 344.96 NOTE
r-devel-windows-ix86+x86_64 0.1.1 30.00 377.00 407.00 OK
r-devel-windows-ix86+x86_64-gcc8 0.1.1 31.00 292.00 323.00 OK
r-patched-linux-x86_64 0.1.1 8.95 244.61 253.56 OK
r-patched-solaris-x86 0.1.1 438.60 NOTE
r-release-linux-x86_64 0.1.1 9.25 249.39 258.64 OK
r-release-windows-ix86+x86_64 0.1.1 15.00 341.00 356.00 OK
r-release-osx-x86_64 0.1.1 NOTE
r-oldrel-windows-ix86+x86_64 0.1.1 10.00 247.00 257.00 OK
r-oldrel-osx-x86_64 0.1.1 NOTE

Check Details

Version: 0.1.1
Check: dependencies in R code
Result: NOTE
    Namespaces in Imports field not imported from:
     ‘dplyr’ ‘purrr’ ‘tidyverse’
     All declared Imports should be used.
Flavors: r-devel-linux-x86_64-fedora-clang, r-devel-linux-x86_64-fedora-gcc, r-patched-solaris-x86, r-release-osx-x86_64, r-oldrel-osx-x86_64