Last updated on 2023-06-01 21:52:55 CEST.
Flavor | Version | Tinstall | Tcheck | Ttotal | Status | Flags |
---|---|---|---|---|---|---|
r-devel-linux-x86_64-debian-clang | 0.5.3 | 353.97 | 467.26 | 821.23 | NOTE | |
r-devel-linux-x86_64-debian-gcc | 0.5.3 | 312.50 | 337.62 | 650.12 | NOTE | |
r-devel-linux-x86_64-fedora-clang | 0.5.3 | 1080.85 | NOTE | |||
r-devel-linux-x86_64-fedora-gcc | 0.5.3 | 1116.05 | NOTE | |||
r-devel-windows-x86_64 | 0.5.3 | 286.00 | 423.00 | 709.00 | NOTE | |
r-patched-linux-x86_64 | 0.5.3 | NOTE | ||||
r-release-linux-x86_64 | 0.5.3 | 287.70 | 417.12 | 704.82 | NOTE | |
r-release-macos-arm64 | 0.5.3 | 301.00 | NOTE | |||
r-release-macos-x86_64 | 0.5.3 | 487.00 | NOTE | |||
r-release-windows-x86_64 | 0.5.3 | 368.00 | 520.00 | 888.00 | NOTE | |
r-oldrel-macos-arm64 | 0.5.3 | 256.00 | NOTE | |||
r-oldrel-macos-x86_64 | 0.5.3 | 344.00 | NOTE | |||
r-oldrel-windows-x86_64 | 0.5.3 | 341.00 | 465.00 | 806.00 | NOTE |
Version: 0.5.3
Check: C++ specification
Result: NOTE
Specified C++11: please drop specification unless essential
Flavors: r-devel-linux-x86_64-debian-clang, r-devel-linux-x86_64-debian-gcc, r-devel-linux-x86_64-fedora-clang, r-devel-linux-x86_64-fedora-gcc, r-devel-windows-x86_64, r-patched-linux-x86_64, r-release-linux-x86_64, r-release-macos-arm64, r-release-macos-x86_64, r-release-windows-x86_64
Version: 0.5.3
Check: installed package size
Result: NOTE
installed size is 6.2Mb
sub-directories of 1Mb or more:
doc 2.2Mb
libs 2.2Mb
Flavors: r-devel-linux-x86_64-fedora-clang, r-devel-windows-x86_64, r-release-macos-arm64, r-release-macos-x86_64, r-release-windows-x86_64, r-oldrel-macos-arm64, r-oldrel-macos-x86_64, r-oldrel-windows-x86_64
Version: 0.5.3
Check: dependencies in R code
Result: NOTE
Namespace in Imports field not imported from: ‘R6’
All declared Imports should be used.
Flavors: r-devel-linux-x86_64-fedora-clang, r-devel-linux-x86_64-fedora-gcc, r-oldrel-macos-arm64, r-oldrel-macos-x86_64