CRAN Package Check Results for Package hesim

Last updated on 2021-09-25 20:50:29 CEST.

Flavor Version Tinstall Tcheck Ttotal Status Flags
r-devel-linux-x86_64-debian-clang 0.5.1 366.25 404.82 771.07 OK
r-devel-linux-x86_64-debian-gcc 0.5.1 271.90 277.23 549.13 OK
r-devel-linux-x86_64-fedora-clang 0.5.1 975.86 NOTE
r-devel-linux-x86_64-fedora-gcc 0.5.1 946.16 NOTE
r-devel-windows-x86_64 0.5.1 331.00 373.00 704.00 NOTE
r-devel-windows-x86_64-gcc10-UCRT 0.5.1 NOTE
r-patched-linux-x86_64 0.5.1 321.23 377.34 698.57 OK
r-patched-solaris-x86 0.5.1 618.40 NOTE
r-release-linux-x86_64 0.5.1 323.82 377.68 701.50 OK
r-release-macos-arm64 0.5.1 NOTE
r-release-macos-x86_64 0.5.1 NOTE
r-release-windows-ix86+x86_64 0.5.1 833.00 480.00 1313.00 NOTE
r-oldrel-macos-x86_64 0.5.1 NOTE
r-oldrel-windows-ix86+x86_64 0.5.1 592.00 487.00 1079.00 NOTE

Check Details

Version: 0.5.1
Check: installed package size
Result: NOTE
     installed size is 25.0Mb
     sub-directories of 1Mb or more:
     doc 2.2Mb
     libs 20.9Mb
Flavors: r-devel-linux-x86_64-fedora-clang, r-devel-windows-x86_64, r-patched-solaris-x86, r-release-macos-arm64, r-release-macos-x86_64, r-release-windows-ix86+x86_64, r-oldrel-macos-x86_64, r-oldrel-windows-ix86+x86_64

Version: 0.5.1
Check: dependencies in R code
Result: NOTE
    Namespace in Imports field not imported from: ‘R6’
     All declared Imports should be used.
Flavors: r-devel-linux-x86_64-fedora-clang, r-devel-linux-x86_64-fedora-gcc, r-devel-windows-x86_64-gcc10-UCRT, r-patched-solaris-x86, r-release-macos-arm64, r-release-macos-x86_64, r-oldrel-macos-x86_64