CRAN Package Check Results for Package helsinki

Last updated on 2020-09-23 13:04:53 CEST.

Flavor Version Tinstall Tcheck Ttotal Status Flags
r-devel-linux-x86_64-debian-clang 0.9.29 4.08 45.64 49.72 OK
r-devel-linux-x86_64-debian-gcc 0.9.29 3.50 36.10 39.60 OK
r-devel-linux-x86_64-fedora-clang 0.9.29 74.30 NOTE
r-devel-linux-x86_64-fedora-gcc 0.9.29 64.64 NOTE
r-devel-windows-ix86+x86_64 0.9.29 20.00 108.00 128.00 OK
r-patched-linux-x86_64 0.9.29 4.46 43.81 48.27 OK
r-patched-solaris-x86 0.9.29 98.10 NOTE
r-release-linux-x86_64 0.9.29 4.56 43.92 48.48 OK
r-release-macos-x86_64 0.9.29 NOTE
r-release-windows-ix86+x86_64 0.9.29 15.00 105.00 120.00 OK
r-oldrel-macos-x86_64 0.9.29 NOTE
r-oldrel-windows-ix86+x86_64 0.9.29 11.00 100.00 111.00 OK

Check Details

Version: 0.9.29
Check: data for non-ASCII characters
Result: NOTE
     Note: found 37185 marked UTF-8 strings
Flavors: r-devel-linux-x86_64-fedora-clang, r-devel-linux-x86_64-fedora-gcc, r-patched-solaris-x86, r-release-macos-x86_64, r-oldrel-macos-x86_64