CRAN Package Check Results for Package heddlr

Last updated on 2023-02-03 19:52:07 CET.

Flavor Version Tinstall Tcheck Ttotal Status Flags
r-devel-linux-x86_64-debian-clang 0.6.0 2.23 34.39 36.62 NOTE
r-devel-linux-x86_64-debian-gcc 0.6.0 1.77 25.60 27.37 NOTE
r-devel-linux-x86_64-fedora-clang 0.6.0 47.26 NOTE
r-devel-linux-x86_64-fedora-gcc 0.6.0 59.70 NOTE
r-devel-windows-x86_64 0.6.0 21.00 80.00 101.00 NOTE
r-patched-linux-x86_64 0.6.0 2.76 32.41 35.17 NOTE
r-release-linux-x86_64 0.6.0 1.91 33.86 35.77 NOTE
r-release-macos-arm64 0.6.0 18.00 NOTE
r-release-macos-x86_64 0.6.0 27.00 NOTE
r-release-windows-x86_64 0.6.0 23.00 73.00 96.00 NOTE
r-oldrel-macos-arm64 0.6.0 20.00 NOTE
r-oldrel-macos-x86_64 0.6.0 46.00 NOTE
r-oldrel-windows-ix86+x86_64 0.6.0 6.00 57.00 63.00 NOTE

Check Details

Version: 0.6.0
Check: LazyData
Result: NOTE
     'LazyData' is specified without a 'data' directory
Flavors: r-devel-linux-x86_64-debian-clang, r-devel-linux-x86_64-debian-gcc, r-devel-linux-x86_64-fedora-clang, r-devel-linux-x86_64-fedora-gcc, r-devel-windows-x86_64, r-patched-linux-x86_64, r-release-linux-x86_64, r-release-macos-arm64, r-release-macos-x86_64, r-release-windows-x86_64, r-oldrel-macos-arm64, r-oldrel-macos-x86_64, r-oldrel-windows-ix86+x86_64

Version: 0.6.0
Check: Rd cross-references
Result: NOTE
    Undeclared package ‘tibble’ in Rd xrefs
Flavor: r-devel-linux-x86_64-fedora-clang