CRAN Package Check Results for Package heddlr

Last updated on 2021-04-10 21:49:02 CEST.

Flavor Version Tinstall Tcheck Ttotal Status Flags
r-devel-linux-x86_64-debian-clang 0.6.0 2.61 31.22 33.83 NOTE
r-devel-linux-x86_64-debian-gcc 0.6.0 1.99 23.59 25.58 NOTE
r-devel-linux-x86_64-fedora-clang 0.6.0 51.49 NOTE
r-devel-linux-x86_64-fedora-gcc 0.6.0 40.99 NOTE
r-devel-windows-ix86+x86_64 0.6.0 5.00 37.00 42.00 NOTE
r-devel-windows-x86_64-gcc10-UCRT 0.6.0 NOTE
r-patched-linux-x86_64 0.6.0 2.23 30.18 32.41 OK
r-patched-solaris-x86 0.6.0 59.80 OK
r-release-linux-x86_64 0.6.0 2.57 30.20 32.77 OK
r-release-macos-x86_64 0.6.0 OK
r-release-windows-ix86+x86_64 0.6.0 4.00 51.00 55.00 OK
r-oldrel-macos-x86_64 0.6.0 OK
r-oldrel-windows-ix86+x86_64 0.6.0 4.00 48.00 52.00 OK

Check Details

Version: 0.6.0
Check: LazyData
Result: NOTE
     'LazyData' is specified without a 'data' directory
Flavors: r-devel-linux-x86_64-debian-clang, r-devel-linux-x86_64-debian-gcc, r-devel-linux-x86_64-fedora-clang, r-devel-linux-x86_64-fedora-gcc, r-devel-windows-ix86+x86_64, r-devel-windows-x86_64-gcc10-UCRT

Version: 0.6.0
Check: Rd cross-references
Result: NOTE
    Undeclared package ‘tibble’ in Rd xrefs
Flavor: r-devel-linux-x86_64-fedora-clang