Last updated on 2023-01-26 19:49:29 CET.
Flavor | Version | Tinstall | Tcheck | Ttotal | Status | Flags |
---|---|---|---|---|---|---|
r-devel-linux-x86_64-debian-clang | 0.4.6 | 35.91 | 301.62 | 337.53 | OK | |
r-devel-linux-x86_64-debian-gcc | 0.4.6 | 29.05 | 199.43 | 228.48 | OK | |
r-devel-linux-x86_64-fedora-clang | 0.4.6 | 368.24 | OK | |||
r-devel-linux-x86_64-fedora-gcc | 0.4.6 | 356.59 | NOTE | |||
r-devel-windows-x86_64 | 0.4.6 | 47.00 | 285.00 | 332.00 | OK | |
r-patched-linux-x86_64 | 0.4.6 | 36.65 | 244.44 | 281.09 | OK | |
r-release-linux-x86_64 | 0.4.6 | 31.78 | 240.04 | 271.82 | OK | |
r-release-macos-arm64 | 0.4.6 | 82.00 | OK | |||
r-release-macos-x86_64 | 0.4.6 | 160.00 | OK | |||
r-release-windows-x86_64 | 0.4.6 | 44.00 | 273.00 | 317.00 | OK | |
r-oldrel-macos-arm64 | 0.4.6 | 82.00 | OK | |||
r-oldrel-macos-x86_64 | 0.4.6 | 120.00 | OK | |||
r-oldrel-windows-ix86+x86_64 | 0.4.6 | 91.00 | 393.00 | 484.00 | OK |
Version: 0.4.6
Check: C++ specification
Result: NOTE
Specified C++11: please update to current default of C++17
Flavor: r-devel-linux-x86_64-fedora-gcc