CRAN Package Check Results for Package heatmapFlex

Last updated on 2024-03-04 07:48:30 CET.

Flavor Version Tinstall Tcheck Ttotal Status Flags
r-devel-linux-x86_64-debian-clang 0.1.2 6.27 50.93 57.20 OK
r-devel-linux-x86_64-debian-gcc 0.1.2 3.73 37.54 41.27 OK
r-devel-linux-x86_64-fedora-clang 0.1.2 68.11 OK
r-devel-linux-x86_64-fedora-gcc 0.1.2 79.75 OK
r-devel-windows-x86_64 0.1.2 5.00 58.00 63.00 OK
r-patched-linux-x86_64 0.1.2 5.58 51.15 56.73 OK
r-release-linux-x86_64 0.1.2 5.14 50.57 55.71 OK
r-release-macos-arm64 0.1.2 6.00 ERROR
r-release-macos-x86_64 0.1.2 30.00 OK
r-release-windows-x86_64 0.1.2 6.00 67.00 73.00 OK
r-oldrel-macos-arm64 0.1.2 28.00 OK
r-oldrel-windows-x86_64 0.1.2 8.00 69.00 77.00 OK

Check Details

Version: 0.1.2
Check: package dependencies
Result: ERROR Package required but not available: ‘Heatplus’ See section ‘The DESCRIPTION file’ in the ‘Writing R Extensions’ manual. Flavor: r-release-macos-arm64