Last updated on 2023-02-03 19:52:07 CET.
Flavor | Version | Tinstall | Tcheck | Ttotal | Status | Flags |
---|---|---|---|---|---|---|
r-devel-linux-x86_64-debian-clang | 0.1.0 | 8.19 | 65.58 | 73.77 | NOTE | |
r-devel-linux-x86_64-debian-gcc | 0.1.0 | 6.01 | 49.24 | 55.25 | NOTE | |
r-devel-linux-x86_64-fedora-clang | 0.1.0 | 102.51 | NOTE | |||
r-devel-linux-x86_64-fedora-gcc | 0.1.0 | 94.37 | NOTE | |||
r-devel-windows-x86_64 | 0.1.0 | 23.00 | 92.00 | 115.00 | NOTE | |
r-patched-linux-x86_64 | 0.1.0 | 6.73 | 65.53 | 72.26 | NOTE | |
r-release-linux-x86_64 | 0.1.0 | 6.66 | 65.36 | 72.02 | NOTE | |
r-release-macos-arm64 | 0.1.0 | 27.00 | NOTE | |||
r-release-macos-x86_64 | 0.1.0 | 57.00 | NOTE | |||
r-release-windows-x86_64 | 0.1.0 | 19.00 | 104.00 | 123.00 | NOTE | |
r-oldrel-macos-arm64 | 0.1.0 | 36.00 | NOTE | |||
r-oldrel-macos-x86_64 | 0.1.0 | 49.00 | NOTE | |||
r-oldrel-windows-ix86+x86_64 | 0.1.0 | 19.00 | 90.00 | 109.00 | NOTE |
Version: 0.1.0
Check: LazyData
Result: NOTE
'LazyData' is specified without a 'data' directory
Flavors: r-devel-linux-x86_64-debian-clang, r-devel-linux-x86_64-debian-gcc, r-devel-linux-x86_64-fedora-clang, r-devel-linux-x86_64-fedora-gcc, r-devel-windows-x86_64, r-patched-linux-x86_64, r-release-linux-x86_64, r-release-macos-arm64, r-release-macos-x86_64, r-release-windows-x86_64, r-oldrel-macos-arm64, r-oldrel-macos-x86_64, r-oldrel-windows-ix86+x86_64