CRAN Package Check Results for Package hdi

Last updated on 2024-02-23 19:48:48 CET.

Flavor Version Tinstall Tcheck Ttotal Status Flags
r-devel-linux-x86_64-debian-clang 0.1-9 NOTE
r-devel-linux-x86_64-debian-gcc 0.1-9 8.91 148.37 157.28 NOTE
r-devel-linux-x86_64-fedora-clang 0.1-9 262.62 OK
r-devel-linux-x86_64-fedora-gcc 0.1-9 265.87 OK
r-devel-windows-x86_64 0.1-9 10.00 184.00 194.00 OK
r-patched-linux-x86_64 0.1-9 15.49 196.18 211.67 OK
r-release-linux-x86_64 0.1-9 10.75 196.77 207.52 OK
r-release-macos-arm64 0.1-9 79.00 OK
r-release-macos-x86_64 0.1-9 135.00 OK
r-release-windows-x86_64 0.1-9 14.00 220.00 234.00 OK
r-oldrel-macos-arm64 0.1-9 76.00 OK
r-oldrel-windows-x86_64 0.1-9 14.00 231.00 245.00 OK

Check Details

Version: 0.1-9
Check: Rd files
Result: NOTE checkRd: (-1) lasso.proj.Rd:62: Lost braces; missing escapes or markup? 62 | indicated using an index vector with entries in {1,...,p} or a list thereof.} | ^ Flavors: r-devel-linux-x86_64-debian-clang, r-devel-linux-x86_64-debian-gcc