CRAN Package Check Results for Package hdi

Last updated on 2022-01-26 19:50:34 CET.

Flavor Version Tinstall Tcheck Ttotal Status Flags
r-devel-linux-x86_64-debian-clang 0.1-9 9.86 217.12 226.98 OK
r-devel-linux-x86_64-debian-gcc 0.1-9 9.62 160.34 169.96 OK
r-devel-linux-x86_64-fedora-clang 0.1-9 264.61 OK
r-devel-linux-x86_64-fedora-gcc 0.1-9 265.32 OK
r-devel-windows-x86_64-new-UL 0.1-9 41.00 239.00 280.00 OK
r-devel-windows-x86_64-new-TK 0.1-9 OK
r-patched-linux-x86_64 0.1-9 12.74 202.51 215.25 OK
r-release-linux-x86_64 0.1-9 9.95 202.24 212.19 OK
r-release-macos-arm64 0.1-9 OK
r-release-macos-x86_64 0.1-9 OK
r-release-windows-ix86+x86_64 0.1-9 27.00 245.00 272.00 OK
r-oldrel-macos-x86_64 0.1-9 OK
r-oldrel-windows-ix86+x86_64 0.1-9 26.00 101.00 127.00 ERROR

Check Details

Version: 0.1-9
Check: examples
Result: ERROR
    Running examples in 'hdi-Ex.R' failed
    The error occurred in:
    
    
    R version 4.0.5 (2021-03-31) -- "Shake and Throw"
    Copyright (C) 2021 The R Foundation for Statistical Computing
    Platform: x86_64-w64-mingw32/x64 (64-bit)
    
    R is free software and comes with ABSOLUTELY NO WARRANTY.
    You are welcome to redistribute it under certain conditions.
    Type 'license()' or 'licence()' for distribution details.
    
     Natural language support but running in an English locale
    
    R is a collaborative project with many contributors.
    Type 'contributors()' for more information and
    'citation()' on how to cite R or R packages in publications.
    
    Type 'demo()' for some demos, 'help()' for on-line help, or
    'help.start()' for an HTML browser interface to help.
    Type 'q()' to quit R.
    
    > pkgname <- "hdi"
    > source(file.path(R.home("share"), "R", "examples-header.R"))
    > options(warn = 1)
    > options(pager = "console")
    > library('hdi')
    Error in library("hdi") : there is no package called 'hdi'
    Execution halted
Flavor: r-oldrel-windows-ix86+x86_64

Version: 0.1-9
Check: tests
Result: ERROR
     Running 'ex-clusterGroupBound.R' [0s]
     Running 'ex-lasso.proj.R' [0s]
     Running 'ex-plotClusterGroupBound.R' [0s]
     Running 'groupTsts.R' [0s]
     Running 'test-lasso.R' [0s]
     Running 'test-multisplit.R' [0s]
     Running 'test-ridge.R' [0s]
     Running 'test-stability.R' [0s]
    Running the tests in 'tests/ex-clusterGroupBound.R' failed.
    Complete output:
     > stopifnot(require(hdi))
     Loading required package: hdi
     Error: require(hdi) is not TRUE
     In addition: Warning message:
     In library(package, lib.loc = lib.loc, character.only = TRUE, logical.return = TRUE, :
     there is no package called 'hdi'
     Execution halted
    Running the tests in 'tests/ex-lasso.proj.R' failed.
    Complete output:
     > stopifnot(require(hdi))
     Loading required package: hdi
     Error: require(hdi) is not TRUE
     In addition: Warning message:
     In library(package, lib.loc = lib.loc, character.only = TRUE, logical.return = TRUE, :
     there is no package called 'hdi'
     Execution halted
    Running the tests in 'tests/ex-plotClusterGroupBound.R' failed.
    Complete output:
     > stopifnot(require(hdi))
     Loading required package: hdi
     Error: require(hdi) is not TRUE
     In addition: Warning message:
     In library(package, lib.loc = lib.loc, character.only = TRUE, logical.return = TRUE, :
     there is no package called 'hdi'
     Execution halted
    Running the tests in 'tests/groupTsts.R' failed.
    Complete output:
     > #### Testing groupBound() , clusterGroupBound() , etc
     > #### ========== =================
     >
     > ## Examples in ../man/groupBound.rd and ../man/clusterGroupBound.rd
     > ## should *not*
     > ## be duplicated here. OTOH, want strict testing (*and* be speedy !)
     > stopifnot(require(hdi))
     Loading required package: hdi
     Error: require(hdi) is not TRUE
     In addition: Warning message:
     In library(package, lib.loc = lib.loc, character.only = TRUE, logical.return = TRUE, :
     there is no package called 'hdi'
     Execution halted
    Running the tests in 'tests/test-lasso.R' failed.
    Complete output:
     > #####################################
     > ## Load stuff for testing purposes ##
     > #####################################
     >
     > library(hdi)
     Error in library(hdi) : there is no package called 'hdi'
     Execution halted
    Running the tests in 'tests/test-multisplit.R' failed.
    Complete output:
     > #################
     > ## multi-split ##
     > #################
     >
     > library(hdi)
     Error in library(hdi) : there is no package called 'hdi'
     Execution halted
    Running the tests in 'tests/test-ridge.R' failed.
    Complete output:
     > #####################################
     > ## Load stuff for testing purposes ##
     > #####################################
     >
     > ##- library(glmnet)
     > ##- library(scalreg)
     > ##-
     > ##- setwd("/u/meierluk/R/Pkgs/hdi/pkg/R")
     > ##-
     > ##- source("hdi.R")
     > ##- source("methods.R")
     > ##- source("ridge-proj.R")
     > ##- source("helpers.R")
     > ##-
     > ##- ##########################
     > ##- ## Load riboflavin data ##
     > ##- ##########################
     > ##-
     > ##- load("/u/meierluk/research/annualReview/Rcode/dsmN71.rda")
     >
     > library(hdi)
     Error in library(hdi) : there is no package called 'hdi'
     Execution halted
    Running the tests in 'tests/test-stability.R' failed.
    Complete output:
     > #########################
     > ## Stability selection ##
     > #########################
     >
     > library(hdi)
     Error in library(hdi) : there is no package called 'hdi'
     Execution halted
Flavor: r-oldrel-windows-ix86+x86_64