CRAN Package Check Results for Package hdfqlr

Last updated on 2021-09-21 20:51:03 CEST.

Flavor Version Tinstall Tcheck Ttotal Status Flags
r-devel-linux-x86_64-debian-clang 0.6-2 2.82 30.33 33.15 OK
r-devel-linux-x86_64-debian-gcc 0.6-2 2.07 23.79 25.86 OK
r-devel-linux-x86_64-fedora-clang 0.6-2 49.32 OK
r-devel-linux-x86_64-fedora-gcc 0.6-2 39.35 OK
r-devel-windows-x86_64 0.6-2 5.00 40.00 45.00 OK
r-devel-windows-x86_64-gcc10-UCRT 0.6-2 ERROR
r-patched-linux-x86_64 0.6-2 3.17 30.36 33.53 OK
r-patched-solaris-x86 0.6-2 59.70 OK
r-release-linux-x86_64 0.6-2 2.52 30.45 32.97 OK
r-release-macos-arm64 0.6-2 OK
r-release-macos-x86_64 0.6-2 OK
r-release-windows-ix86+x86_64 0.6-2 6.00 35.00 41.00 OK
r-oldrel-macos-x86_64 0.6-2 OK
r-oldrel-windows-ix86+x86_64 0.6-2 6.00 39.00 45.00 OK

Check Details

Version: 0.6-2
Check: whether package can be installed
Result: WARN
    Found the following significant warnings:
     WARNING: installation-time patches will not be applied, could not get the patches index
Flavor: r-devel-windows-x86_64-gcc10-UCRT

Version: 0.6-2
Check: PDF version of manual
Result: WARN
    LaTeX errors when creating PDF version.
    This typically indicates Rd problems.
Flavor: r-devel-windows-x86_64-gcc10-UCRT

Version: 0.6-2
Check: PDF version of manual without hyperrefs or index
Result: ERROR
    Re-running with no redirection of stdout/stderr.
Flavor: r-devel-windows-x86_64-gcc10-UCRT