CRAN Package Check Results for Package hbamr

Last updated on 2024-02-24 07:51:25 CET.

Flavor Version Tinstall Tcheck Ttotal Status Flags
r-devel-linux-x86_64-debian-clang 2.2.0 1470.73 209.30 1680.03 NOTE
r-devel-linux-x86_64-debian-gcc 2.2.0 1283.27 227.34 1510.61 NOTE
r-devel-linux-x86_64-fedora-clang 2.2.1 1525.91 NOTE
r-devel-linux-x86_64-fedora-gcc 2.2.1 2415.48 NOTE
r-devel-windows-x86_64 2.2.0 1041.00 246.00 1287.00 NOTE
r-patched-linux-x86_64 2.2.0 1161.82 293.83 1455.65 NOTE
r-release-linux-x86_64 2.2.0 0.01 2.45 2.46 ERROR
r-release-macos-arm64 2.2.1 560.00 NOTE
r-release-macos-x86_64 2.2.1 494.00 NOTE
r-release-windows-x86_64 2.2.0 1335.00 317.00 1652.00 NOTE
r-oldrel-macos-arm64 2.2.1 534.00 NOTE
r-oldrel-windows-x86_64 2.2.1 732.00 309.00 1041.00 NOTE

Check Details

Version: 2.2.0
Check: for GNU extensions in Makefiles
Result: NOTE GNU make is a SystemRequirements. Flavors: r-devel-linux-x86_64-debian-clang, r-devel-linux-x86_64-debian-gcc, r-devel-windows-x86_64, r-patched-linux-x86_64, r-release-windows-x86_64

Version: 2.2.1
Check: installed package size
Result: NOTE installed size is 14.6Mb sub-directories of 1Mb or more: libs 13.0Mb Flavors: r-devel-linux-x86_64-fedora-clang, r-release-macos-arm64, r-release-macos-x86_64, r-oldrel-macos-arm64, r-oldrel-windows-x86_64

Version: 2.2.1
Check: for GNU extensions in Makefiles
Result: NOTE GNU make is a SystemRequirements. Flavors: r-devel-linux-x86_64-fedora-clang, r-devel-linux-x86_64-fedora-gcc, r-release-macos-arm64, r-release-macos-x86_64, r-oldrel-macos-arm64, r-oldrel-windows-x86_64

Version: 2.2.0
Check: installed package size
Result: NOTE installed size is 11.1Mb sub-directories of 1Mb or more: libs 9.5Mb Flavors: r-devel-windows-x86_64, r-release-windows-x86_64

Version: 2.2.0
Check: whether package can be installed
Result: ERROR Installation failed. Flavor: r-release-linux-x86_64