CRAN Package Check Results for Package hbal

Last updated on 2024-02-27 19:54:40 CET.

Flavor Version Tinstall Tcheck Ttotal Status Flags
r-devel-linux-x86_64-debian-clang 1.2.12 50.68 109.77 160.45 OK
r-devel-linux-x86_64-debian-gcc 1.2.12 38.05 84.36 122.41 OK
r-devel-linux-x86_64-fedora-clang 1.2.12 206.92 OK
r-devel-linux-x86_64-fedora-gcc 1.2.12 220.12 OK
r-devel-windows-x86_64 1.2.12 38.00 114.00 152.00 OK
r-patched-linux-x86_64 1.2.12 40.58 109.89 150.47 OK
r-release-linux-x86_64 1.2.12 33.67 111.45 145.12 OK
r-release-macos-arm64 1.2.12 60.00 NOTE
r-release-macos-x86_64 1.2.12 126.00 NOTE
r-release-windows-x86_64 1.2.12 49.00 137.00 186.00 OK
r-oldrel-macos-arm64 1.2.12 58.00 NOTE
r-oldrel-windows-x86_64 1.2.12 44.00 133.00 177.00 OK

Check Details

Version: 1.2.12
Check: installed package size
Result: NOTE installed size is 7.5Mb sub-directories of 1Mb or more: libs 7.2Mb Flavors: r-release-macos-arm64, r-release-macos-x86_64, r-oldrel-macos-arm64