CRAN Package Check Results for Package hawkesbow

Last updated on 2021-09-24 20:48:47 CEST.

Flavor Version Tinstall Tcheck Ttotal Status Flags
r-devel-linux-x86_64-debian-clang 1.0.2 158.96 97.78 256.74 OK
r-devel-linux-x86_64-debian-gcc 1.0.2 107.53 72.84 180.37 OK
r-devel-linux-x86_64-fedora-clang 1.0.2 359.54 NOTE
r-devel-linux-x86_64-fedora-gcc 1.0.2 327.24 OK
r-devel-windows-x86_64 1.0.2 129.00 139.00 268.00 OK
r-devel-windows-x86_64-gcc10-UCRT 1.0.2 OK
r-patched-linux-x86_64 1.0.2 132.68 95.58 228.26 OK
r-patched-solaris-x86 1.0.2 282.60 OK
r-release-linux-x86_64 1.0.2 129.25 93.35 222.60 OK
r-release-macos-arm64 1.0.2 NOTE
r-release-macos-x86_64 1.0.2 NOTE
r-release-windows-ix86+x86_64 1.0.2 348.00 169.00 517.00 OK
r-oldrel-macos-x86_64 1.0.2 NOTE
r-oldrel-windows-ix86+x86_64 1.0.2 266.00 180.00 446.00 OK

Check Details

Version: 1.0.2
Check: installed package size
Result: NOTE
     installed size is 10.4Mb
     sub-directories of 1Mb or more:
     libs 9.8Mb
Flavors: r-devel-linux-x86_64-fedora-clang, r-release-macos-arm64, r-release-macos-x86_64, r-oldrel-macos-x86_64