CRAN Package Check Results for Package harrietr

Last updated on 2019-08-25 10:46:20 CEST.

Flavor Version Tinstall Tcheck Ttotal Status Flags
r-devel-linux-x86_64-debian-clang 0.2.3 5.54 40.68 46.22 OK
r-devel-linux-x86_64-debian-gcc 0.2.3 4.70 31.67 36.37 OK
r-devel-linux-x86_64-fedora-clang 0.2.3 56.21 OK
r-devel-linux-x86_64-fedora-gcc 0.2.3 53.22 OK
r-devel-windows-ix86+x86_64 0.2.3 15.00 89.00 104.00 OK
r-patched-linux-x86_64 0.2.3 5.52 39.27 44.79 OK
r-patched-solaris-x86 0.2.3 83.60 OK
r-release-linux-x86_64 0.2.3 4.80 39.43 44.23 OK
r-release-windows-ix86+x86_64 0.2.3 15.00 93.00 108.00 OK
r-release-osx-x86_64 0.2.3 ERROR
r-oldrel-windows-ix86+x86_64 0.2.3 11.00 82.00 93.00 OK
r-oldrel-osx-x86_64 0.2.3 OK

Check Details

Version: 0.2.3
Check: package dependencies
Result: ERROR
    Package required but not available: ‘ggtree’
    
    See section ‘The DESCRIPTION file’ in the ‘Writing R Extensions’
    manual.
Flavor: r-release-osx-x86_64