CRAN Package Check Results for Package harmonicmeanp

Last updated on 2021-09-21 20:51:03 CEST.

Flavor Version Tinstall Tcheck Ttotal Status Flags
r-devel-linux-x86_64-debian-clang 3.0 2.46 46.86 49.32 OK
r-devel-linux-x86_64-debian-gcc 3.0 1.87 35.80 37.67 OK
r-devel-linux-x86_64-fedora-clang 3.0 67.62 OK
r-devel-linux-x86_64-fedora-gcc 3.0 56.32 OK
r-devel-windows-x86_64 3.0 4.00 53.00 57.00 OK
r-devel-windows-x86_64-gcc10-UCRT 3.0 ERROR
r-patched-linux-x86_64 3.0 2.10 44.22 46.32 OK
r-patched-solaris-x86 3.0 83.70 OK
r-release-linux-x86_64 3.0 2.11 44.64 46.75 OK
r-release-macos-arm64 3.0 OK
r-release-macos-x86_64 3.0 OK
r-release-windows-ix86+x86_64 3.0 6.00 78.00 84.00 OK
r-oldrel-macos-x86_64 3.0 OK
r-oldrel-windows-ix86+x86_64 3.0 5.00 78.00 83.00 OK

Check Details

Version: 3.0
Check: whether package can be installed
Result: WARN
    Found the following significant warnings:
     WARNING: installation-time patches will not be applied, could not get the patches index
Flavor: r-devel-windows-x86_64-gcc10-UCRT

Version: 3.0
Check: PDF version of manual
Result: WARN
    LaTeX errors when creating PDF version.
    This typically indicates Rd problems.
Flavor: r-devel-windows-x86_64-gcc10-UCRT

Version: 3.0
Check: PDF version of manual without hyperrefs or index
Result: ERROR
    Re-running with no redirection of stdout/stderr.
Flavor: r-devel-windows-x86_64-gcc10-UCRT