CRAN Package Check Results for Package hapsim

Last updated on 2021-09-22 08:50:11 CEST.

Flavor Version Tinstall Tcheck Ttotal Status Flags
r-devel-linux-x86_64-debian-clang 0.31 3.13 25.53 28.66 OK
r-devel-linux-x86_64-debian-gcc 0.31 2.43 20.14 22.57 OK
r-devel-linux-x86_64-fedora-clang 0.31 43.94 OK
r-devel-linux-x86_64-fedora-gcc 0.31 33.01 OK
r-devel-windows-x86_64 0.31 5.00 35.00 40.00 OK
r-devel-windows-x86_64-gcc10-UCRT 0.31 ERROR
r-patched-linux-x86_64 0.31 2.73 24.78 27.51 OK
r-patched-solaris-x86 0.31 50.70 OK
r-release-linux-x86_64 0.31 2.79 25.17 27.96 OK
r-release-macos-arm64 0.31 OK
r-release-macos-x86_64 0.31 OK
r-release-windows-ix86+x86_64 0.31 9.00 41.00 50.00 OK
r-oldrel-macos-x86_64 0.31 OK
r-oldrel-windows-ix86+x86_64 0.31 18.00 41.00 59.00 OK

Check Details

Version: 0.31
Check: whether package can be installed
Result: ERROR
    Installation failed.
Flavor: r-devel-windows-x86_64-gcc10-UCRT