CRAN Package Check Results for Package haplotypes

Last updated on 2021-09-23 08:51:01 CEST.

Flavor Version Tinstall Tcheck Ttotal Status Flags
r-devel-linux-x86_64-debian-clang 1.1.2 16.37 117.04 133.41 OK
r-devel-linux-x86_64-debian-gcc 1.1.2 12.91 87.94 100.85 OK
r-devel-linux-x86_64-fedora-clang 1.1.2 167.75 OK
r-devel-linux-x86_64-fedora-gcc 1.1.2 152.90 OK
r-devel-windows-x86_64 1.1.2 18.00 113.00 131.00 OK
r-devel-windows-x86_64-gcc10-UCRT 1.1.2 ERROR
r-patched-linux-x86_64 1.1.2 22.08 110.14 132.22 OK
r-patched-solaris-x86 1.1.2 227.70 OK
r-release-linux-x86_64 1.1.2 15.73 109.95 125.68 OK
r-release-macos-arm64 1.1.2 OK
r-release-macos-x86_64 1.1.2 OK
r-release-windows-ix86+x86_64 1.1.2 31.00 103.00 134.00 OK
r-oldrel-macos-x86_64 1.1.2 OK
r-oldrel-windows-ix86+x86_64 1.1.2 26.00 105.00 131.00 OK

Check Details

Version: 1.1.2
Check: package dependencies
Result: ERROR
    Package required but not available: 'phangorn'
    
    See section 'The DESCRIPTION file' in the 'Writing R Extensions'
    manual.
Flavor: r-devel-windows-x86_64-gcc10-UCRT