CRAN Package Check Results for Package handwriter

Last updated on 2025-06-23 11:51:36 CEST.

Flavor Version Tinstall Tcheck Ttotal Status Flags
r-devel-linux-x86_64-debian-clang 3.2.4 56.05 245.90 301.95 OK
r-devel-linux-x86_64-debian-gcc 3.2.4 40.53 154.61 195.14 OK
r-devel-linux-x86_64-fedora-clang 3.2.4 477.94 OK
r-devel-linux-x86_64-fedora-gcc 3.2.4 477.33 OK
r-devel-windows-x86_64 3.2.4 60.00 281.00 341.00 OK
r-patched-linux-x86_64 3.2.4 54.95 230.21 285.16 OK
r-release-linux-x86_64 3.2.4 52.61 230.69 283.30 OK
r-release-macos-arm64 3.2.4 132.00 OK
r-release-macos-x86_64 3.2.4 259.00 OK
r-release-windows-x86_64 3.2.4 62.00 284.00 346.00 OK
r-oldrel-macos-arm64 3.2.4 119.00 NOTE
r-oldrel-macos-x86_64 3.2.4 248.00 NOTE
r-oldrel-windows-x86_64 3.2.4 78.00 376.00 454.00 OK

Check Details

Version: 3.2.4
Check: installed package size
Result: NOTE installed size is 5.7Mb sub-directories of 1Mb or more: libs 3.2Mb Flavors: r-oldrel-macos-arm64, r-oldrel-macos-x86_64