Last updated on 2022-05-18 09:54:03 CEST.
Flavor | Version | Tinstall | Tcheck | Ttotal | Status | Flags |
---|---|---|---|---|---|---|
r-devel-linux-x86_64-debian-clang | 1.0 | 12.44 | 121.76 | 134.20 | NOTE | |
r-devel-linux-x86_64-debian-gcc | 1.0 | 8.70 | 89.65 | 98.35 | NOTE | |
r-devel-linux-x86_64-fedora-clang | 1.0 | 156.45 | NOTE | |||
r-devel-linux-x86_64-fedora-gcc | 1.0 | 160.26 | NOTE | |||
r-devel-windows-x86_64 | 1.0 | 21.00 | 125.00 | 146.00 | NOTE | |
r-patched-linux-x86_64 | 1.0 | 12.06 | 112.92 | 124.98 | NOTE | |
r-release-linux-x86_64 | 1.0 | 9.41 | 113.55 | 122.96 | NOTE | |
r-release-macos-arm64 | 1.0 | 41.00 | NOTE | |||
r-release-macos-x86_64 | 1.0 | 81.00 | NOTE | |||
r-release-windows-x86_64 | 1.0 | 22.00 | 123.00 | 145.00 | NOTE | |
r-oldrel-macos-arm64 | 1.0 | 53.00 | NOTE | |||
r-oldrel-macos-x86_64 | 1.0 | 62.00 | NOTE | |||
r-oldrel-windows-ix86+x86_64 | 1.0 | 26.00 | 124.00 | 150.00 | NOTE |
Version: 1.0
Check: LazyData
Result: NOTE
'LazyData' is specified without a 'data' directory
Flavors: r-devel-linux-x86_64-debian-clang, r-devel-linux-x86_64-debian-gcc, r-devel-linux-x86_64-fedora-clang, r-devel-linux-x86_64-fedora-gcc, r-devel-windows-x86_64, r-patched-linux-x86_64, r-release-linux-x86_64, r-release-macos-arm64, r-release-macos-x86_64, r-release-windows-x86_64, r-oldrel-macos-arm64, r-oldrel-macos-x86_64, r-oldrel-windows-ix86+x86_64