CRAN Package Check Results for Package gvcR

Last updated on 2021-09-22 08:50:11 CEST.

Flavor Version Tinstall Tcheck Ttotal Status Flags
r-devel-linux-x86_64-debian-clang 0.1.0 15.88 116.36 132.24 NOTE
r-devel-linux-x86_64-debian-gcc 0.1.0 12.27 87.23 99.50 NOTE
r-devel-linux-x86_64-fedora-clang 0.1.0 162.96 NOTE
r-devel-linux-x86_64-fedora-gcc 0.1.0 149.30 NOTE
r-devel-windows-x86_64 0.1.0 17.00 104.00 121.00 NOTE
r-devel-windows-x86_64-gcc10-UCRT 0.1.0 ERROR
r-patched-linux-x86_64 0.1.0 9.92 109.25 119.17 NOTE
r-patched-solaris-x86 0.1.0 221.90 NOTE
r-release-linux-x86_64 0.1.0 13.59 109.10 122.69 NOTE
r-release-macos-arm64 0.1.0 NOTE
r-release-macos-x86_64 0.1.0 NOTE
r-release-windows-ix86+x86_64 0.1.0 36.00 99.00 135.00 NOTE
r-oldrel-macos-x86_64 0.1.0 OK
r-oldrel-windows-ix86+x86_64 0.1.0 24.00 97.00 121.00 OK

Check Details

Version: 0.1.0
Check: LazyData
Result: NOTE
     'LazyData' is specified without a 'data' directory
Flavors: r-devel-linux-x86_64-debian-clang, r-devel-linux-x86_64-debian-gcc, r-devel-linux-x86_64-fedora-clang, r-devel-linux-x86_64-fedora-gcc, r-devel-windows-x86_64, r-patched-linux-x86_64, r-patched-solaris-x86, r-release-linux-x86_64, r-release-macos-arm64, r-release-macos-x86_64, r-release-windows-ix86+x86_64

Version: 0.1.0
Check: package dependencies
Result: ERROR
    Package required but not available: 'eda4treeR'
    
    See section 'The DESCRIPTION file' in the 'Writing R Extensions'
    manual.
Flavor: r-devel-windows-x86_64-gcc10-UCRT