CRAN Package Check Results for Package gutenbergr

Last updated on 2020-01-25 08:49:56 CET.

Flavor Version Tinstall Tcheck Ttotal Status Flags
r-devel-linux-x86_64-debian-clang 0.1.5 7.45 869.99 877.44 OK
r-devel-linux-x86_64-debian-gcc 0.1.5 6.36 693.10 699.46 OK
r-devel-linux-x86_64-fedora-clang 0.1.5 904.16 NOTE
r-devel-linux-x86_64-fedora-gcc 0.1.5 951.79 NOTE
r-devel-windows-ix86+x86_64 0.1.5 15.00 959.00 974.00 OK
r-devel-windows-ix86+x86_64-gcc8 0.1.5 24.00 837.00 861.00 OK
r-patched-linux-x86_64 0.1.5 6.04 742.04 748.08 OK
r-patched-solaris-x86 0.1.5 1931.80 NOTE
r-release-linux-x86_64 0.1.5 6.90 750.92 757.82 OK
r-release-windows-ix86+x86_64 0.1.5 13.00 968.00 981.00 OK
r-release-osx-x86_64 0.1.5 NOTE
r-oldrel-windows-ix86+x86_64 0.1.5 10.00 792.00 802.00 OK
r-oldrel-osx-x86_64 0.1.5 NOTE

Check Details

Version: 0.1.5
Check: data for non-ASCII characters
Result: NOTE
     Note: found 13617 marked UTF-8 strings
Flavors: r-devel-linux-x86_64-fedora-clang, r-devel-linux-x86_64-fedora-gcc, r-patched-solaris-x86, r-release-osx-x86_64, r-oldrel-osx-x86_64