CRAN Package Check Results for Package guaguas

Last updated on 2021-09-22 08:50:11 CEST.

Flavor Version Tinstall Tcheck Ttotal Status Flags
r-devel-linux-x86_64-debian-clang 0.2.0 22.30 35.41 57.71 OK
r-devel-linux-x86_64-debian-gcc 0.2.0 21.11 29.88 50.99 OK
r-devel-linux-x86_64-fedora-clang 0.2.0 83.90 NOTE
r-devel-linux-x86_64-fedora-gcc 0.2.0 73.12 NOTE
r-devel-windows-x86_64 0.2.0 27.00 40.00 67.00 OK
r-devel-windows-x86_64-gcc10-UCRT 0.2.0 ERROR
r-patched-linux-x86_64 0.2.0 21.90 34.50 56.40 OK
r-patched-solaris-x86 0.2.0 138.40 NOTE
r-release-linux-x86_64 0.2.0 22.89 35.06 57.95 OK
r-release-macos-arm64 0.2.0 NOTE
r-release-macos-x86_64 0.2.0 NOTE
r-release-windows-ix86+x86_64 0.2.0 35.00 37.00 72.00 OK
r-oldrel-macos-x86_64 0.2.0 NOTE
r-oldrel-windows-ix86+x86_64 0.2.0 50.00 37.00 87.00 OK

Check Details

Version: 0.2.0
Check: data for non-ASCII characters
Result: NOTE
     Note: found 40918 marked UTF-8 strings
Flavors: r-devel-linux-x86_64-fedora-clang, r-devel-linux-x86_64-fedora-gcc, r-devel-windows-x86_64-gcc10-UCRT, r-patched-solaris-x86, r-release-macos-arm64, r-release-macos-x86_64, r-oldrel-macos-x86_64

Version: 0.2.0
Check: PDF version of manual
Result: WARN
    LaTeX errors when creating PDF version.
    This typically indicates Rd problems.
Flavor: r-devel-windows-x86_64-gcc10-UCRT

Version: 0.2.0
Check: PDF version of manual without hyperrefs or index
Result: ERROR
    Re-running with no redirection of stdout/stderr.
Flavor: r-devel-windows-x86_64-gcc10-UCRT