CRAN Package Check Results for Package gtheory

Last updated on 2021-09-21 08:49:46 CEST.

Flavor Version Tinstall Tcheck Ttotal Status Flags
r-devel-linux-x86_64-debian-clang 0.1.2 8.85 72.71 81.56 OK
r-devel-linux-x86_64-debian-gcc 0.1.2 7.52 57.76 65.28 OK
r-devel-linux-x86_64-fedora-clang 0.1.2 105.21 OK
r-devel-linux-x86_64-fedora-gcc 0.1.2 95.29 OK
r-devel-windows-x86_64 0.1.2 9.00 66.00 75.00 OK
r-devel-windows-x86_64-gcc10-UCRT 0.1.2 ERROR
r-patched-linux-x86_64 0.1.2 11.94 70.35 82.29 OK
r-patched-solaris-x86 0.1.2 141.00 OK
r-release-linux-x86_64 0.1.2 7.62 70.94 78.56 OK
r-release-macos-arm64 0.1.2 OK
r-release-macos-x86_64 0.1.2 OK
r-release-windows-ix86+x86_64 0.1.2 20.00 69.00 89.00 OK
r-oldrel-macos-x86_64 0.1.2 OK
r-oldrel-windows-ix86+x86_64 0.1.2 24.00 69.00 93.00 OK

Check Details

Version: 0.1.2
Check: whether package can be installed
Result: WARN
    Found the following significant warnings:
     WARNING: installation-time patches will not be applied, could not get the patches index
Flavor: r-devel-windows-x86_64-gcc10-UCRT

Version: 0.1.2
Check: PDF version of manual
Result: WARN
    LaTeX errors when creating PDF version.
    This typically indicates Rd problems.
Flavor: r-devel-windows-x86_64-gcc10-UCRT

Version: 0.1.2
Check: PDF version of manual without hyperrefs or index
Result: ERROR
    Re-running with no redirection of stdout/stderr.
Flavor: r-devel-windows-x86_64-gcc10-UCRT