CRAN Package Check Results for Package gt

Last updated on 2021-10-26 20:50:55 CEST.

Flavor Version Tinstall Tcheck Ttotal Status Flags
r-devel-linux-x86_64-debian-clang 0.3.1 17.73 263.30 281.03 OK
r-devel-linux-x86_64-debian-gcc 0.3.1 12.27 192.74 205.01 OK
r-devel-linux-x86_64-fedora-clang 0.3.1 328.96 NOTE
r-devel-linux-x86_64-fedora-gcc 0.3.1 324.22 NOTE
r-devel-windows-x86_64 0.3.1 27.00 311.00 338.00 NOTE
r-devel-windows-x86_64-gcc10-UCRT 0.3.1 NOTE
r-patched-linux-x86_64 0.3.1 22.95 250.64 273.59 OK
r-patched-solaris-x86 0.3.1 343.40 NOTE
r-release-linux-x86_64 0.3.1 14.71 251.57 266.28 OK
r-release-macos-arm64 0.3.1 NOTE
r-release-macos-x86_64 0.3.1 NOTE
r-release-windows-ix86+x86_64 0.3.1 23.00 266.00 289.00 NOTE
r-oldrel-macos-x86_64 0.3.1 NOTE
r-oldrel-windows-ix86+x86_64 0.3.1 40.00 321.00 361.00 NOTE

Check Details

Version: 0.3.1
Check: installed package size
Result: NOTE
     installed size is 6.7Mb
     sub-directories of 1Mb or more:
     help 4.6Mb
Flavors: r-devel-linux-x86_64-fedora-clang, r-devel-windows-x86_64, r-patched-solaris-x86, r-release-macos-arm64, r-release-macos-x86_64, r-release-windows-ix86+x86_64, r-oldrel-macos-x86_64, r-oldrel-windows-ix86+x86_64

Version: 0.3.1
Check: data for non-ASCII characters
Result: NOTE
     Note: found 116 marked UTF-8 strings
Flavors: r-devel-linux-x86_64-fedora-clang, r-devel-linux-x86_64-fedora-gcc, r-devel-windows-x86_64-gcc10-UCRT, r-patched-solaris-x86, r-release-macos-arm64, r-release-macos-x86_64, r-oldrel-macos-x86_64