CRAN Package Check Results for Package growth

Last updated on 2020-11-26 20:51:39 CET.

Flavor Version Tinstall Tcheck Ttotal Status Flags
r-devel-linux-x86_64-debian-clang 1.1.1 13.05 37.85 50.90 OK
r-devel-linux-x86_64-debian-gcc 1.1.1 8.29 30.89 39.18 OK
r-devel-linux-x86_64-fedora-clang 1.1.1 61.57 NOTE
r-devel-linux-x86_64-fedora-gcc 1.1.1 52.50 OK
r-devel-windows-ix86+x86_64 1.1.1 21.00 65.00 86.00 OK
r-patched-linux-x86_64 1.1.1 12.75 36.55 49.30 OK
r-patched-solaris-x86 1.1.1 69.70 OK
r-release-linux-x86_64 1.1.1 12.86 34.14 47.00 OK
r-release-macos-x86_64 1.1.1 OK
r-release-windows-ix86+x86_64 1.1.1 16.00 44.00 60.00 OK
r-oldrel-macos-x86_64 1.1.1 OK
r-oldrel-windows-ix86+x86_64 1.1.1 25.00 55.00 80.00 OK

Check Details

Version: 1.1.1
Check: Rd cross-references
Result: NOTE
    Undeclared packages ‘repeated’, ‘gnlm’ in Rd xrefs
Flavor: r-devel-linux-x86_64-fedora-clang