CRAN Package Check Results for Package grmsem

Last updated on 2021-12-07 19:49:46 CET.

Flavor Version Tinstall Tcheck Ttotal Status Flags
r-devel-linux-x86_64-debian-clang 1.1.0 5.30 275.90 281.20 OK
r-devel-linux-x86_64-debian-gcc 1.1.0 4.25 228.09 232.34 OK
r-devel-linux-x86_64-fedora-clang 1.1.0 341.35 NOTE
r-devel-linux-x86_64-fedora-gcc 1.1.0 329.92 NOTE
r-devel-windows-x86_64-new-UL 1.1.0 11.00 339.00 350.00 OK
r-devel-windows-x86_64-new-TK 1.1.0 NOTE
r-devel-windows-x86_64-old 1.1.0 8.00 352.00 360.00 OK
r-patched-linux-x86_64 1.1.0 5.14 269.89 275.03 OK
r-release-linux-x86_64 1.1.0 5.56 269.25 274.81 OK
r-release-macos-arm64 1.1.0 NOTE
r-release-macos-x86_64 1.1.0 NOTE
r-release-windows-ix86+x86_64 1.1.0 6.00 319.00 325.00 OK
r-oldrel-macos-x86_64 1.1.0 NOTE
r-oldrel-windows-ix86+x86_64 1.1.0 9.00 338.00 347.00 OK

Check Details

Version: 1.1.0
Check: dependencies in R code
Result: NOTE
    Namespace in Imports field not imported from: ‘msm’
     All declared Imports should be used.
Flavors: r-devel-linux-x86_64-fedora-clang, r-devel-linux-x86_64-fedora-gcc, r-devel-windows-x86_64-new-TK, r-release-macos-arm64, r-release-macos-x86_64, r-oldrel-macos-x86_64