Last updated on 2023-09-28 09:58:05 CEST.
Flavor | Version | Tinstall | Tcheck | Ttotal | Status | Flags |
---|---|---|---|---|---|---|
r-devel-linux-x86_64-debian-clang | 1.0.1 | 77.01 | 73.12 | 150.13 | OK | |
r-devel-linux-x86_64-debian-gcc | 1.0.1 | 60.17 | 52.97 | 113.14 | OK | |
r-devel-linux-x86_64-fedora-clang | 1.0.1 | 223.10 | OK | |||
r-devel-linux-x86_64-fedora-gcc | 1.0.1 | 239.36 | OK | |||
r-devel-windows-x86_64 | 1.0.1 | 62.00 | 120.00 | 182.00 | NOTE | |
r-patched-linux-x86_64 | 1.0.1 | 82.71 | 70.07 | 152.78 | OK | |
r-release-linux-x86_64 | 1.0.1 | 86.67 | 69.71 | 156.38 | OK | |
r-release-macos-arm64 | 1.0.1 | 56.00 | NOTE | |||
r-release-macos-x86_64 | 1.0.1 | 131.00 | NOTE | |||
r-release-windows-x86_64 | 1.0.1 | 81.00 | 135.00 | 216.00 | NOTE | |
r-oldrel-macos-arm64 | 1.0.1 | 54.00 | NOTE | |||
r-oldrel-macos-x86_64 | 1.0.1 | 77.00 | NOTE | |||
r-oldrel-windows-x86_64 | 1.0.1 | 76.00 | 136.00 | 212.00 | NOTE |
Version: 1.0.1
Check: installed package size
Result: NOTE
installed size is 5.3Mb
sub-directories of 1Mb or more:
doc 1.9Mb
help 2.0Mb
libs 1.2Mb
Flavors: r-devel-windows-x86_64, r-release-macos-arm64, r-release-macos-x86_64, r-release-windows-x86_64, r-oldrel-macos-arm64, r-oldrel-macos-x86_64, r-oldrel-windows-x86_64