CRAN Package Check Results for Package graphTweets

Last updated on 2023-02-07 21:54:18 CET.

Flavor Version Tinstall Tcheck Ttotal Status Flags
r-devel-linux-x86_64-debian-clang 0.5.3 4.92 46.50 51.42 OK
r-devel-linux-x86_64-debian-gcc 0.5.3 3.52 34.82 38.34 OK
r-devel-linux-x86_64-fedora-clang 0.5.3 68.69 NOTE
r-devel-linux-x86_64-fedora-gcc 0.5.3 60.76 NOTE
r-devel-windows-x86_64 0.5.3 19.00 72.00 91.00 OK
r-patched-linux-x86_64 0.5.3 5.11 45.70 50.81 OK
r-release-linux-x86_64 0.5.3 4.74 44.49 49.23 OK
r-release-macos-arm64 0.5.3 23.00 NOTE
r-release-macos-x86_64 0.5.3 72.00 NOTE
r-release-windows-x86_64 0.5.3 21.00 84.00 105.00 OK
r-oldrel-macos-arm64 0.5.3 29.00 NOTE
r-oldrel-macos-x86_64 0.5.3 41.00 NOTE
r-oldrel-windows-ix86+x86_64 0.5.3 12.00 69.00 81.00 OK

Check Details

Version: 0.5.3
Check: dependencies in R code
Result: NOTE
    Namespace in Imports field not imported from: ‘utils’
     All declared Imports should be used.
Flavors: r-devel-linux-x86_64-fedora-clang, r-devel-linux-x86_64-fedora-gcc, r-release-macos-arm64, r-release-macos-x86_64, r-oldrel-macos-arm64, r-oldrel-macos-x86_64