CRAN Package Check Results for Package gprofiler2

Last updated on 2022-01-20 19:50:56 CET.

Flavor Version Tinstall Tcheck Ttotal Status Flags
r-devel-linux-x86_64-debian-clang 0.2.1 OK
r-devel-linux-x86_64-debian-gcc 0.2.1 5.35 64.93 70.28 OK
r-devel-linux-x86_64-fedora-clang 0.2.1 113.54 NOTE
r-devel-linux-x86_64-fedora-gcc 0.2.1 98.07 OK
r-devel-windows-x86_64-new-UL 0.2.1 47.00 1031.00 1078.00 ERROR
r-devel-windows-x86_64-new-TK 0.2.1 OK
r-patched-linux-x86_64 0.2.1 4.84 78.70 83.54 OK
r-release-linux-x86_64 0.2.1 4.56 79.78 84.34 OK
r-release-macos-arm64 0.2.1 NOTE
r-release-macos-x86_64 0.2.1 NOTE
r-release-windows-ix86+x86_64 0.2.1 18.00 121.00 139.00 NOTE
r-oldrel-macos-x86_64 0.2.1 NOTE
r-oldrel-windows-ix86+x86_64 0.2.1 18.00 121.00 139.00 NOTE

Check Details

Version: 0.2.1
Check: installed package size
Result: NOTE
     installed size is 5.5Mb
     sub-directories of 1Mb or more:
     doc 5.3Mb
Flavors: r-devel-linux-x86_64-fedora-clang, r-devel-windows-x86_64-new-UL, r-release-macos-arm64, r-release-macos-x86_64, r-release-windows-ix86+x86_64, r-oldrel-macos-x86_64, r-oldrel-windows-ix86+x86_64

Version: 0.2.1
Check: examples
Result: ERROR
    Running examples in 'gprofiler2-Ex.R' failed
    The error most likely occurred in:
    
    > ### Name: gconvert
    > ### Title: Gene ID conversion.
    > ### Aliases: gconvert
    >
    > ### ** Examples
    >
    > gconvert(c("POU5F1", "SOX2", "NANOG"), organism = "hsapiens", target="AFFY_HG_U133_PLUS_2")
    Error in gconvert(c("POU5F1", "SOX2", "NANOG"), organism = "hsapiens", :
     Bad request, response code 504
    Execution halted
Flavor: r-devel-windows-x86_64-new-UL