Last updated on 2023-05-29 09:55:55 CEST.
Flavor | Version | Tinstall | Tcheck | Ttotal | Status | Flags |
---|---|---|---|---|---|---|
r-devel-linux-x86_64-debian-clang | 0.2.1 | 7.76 | 80.38 | 88.14 | OK | |
r-devel-linux-x86_64-debian-gcc | 0.2.1 | 6.92 | 60.48 | 67.40 | OK | |
r-devel-linux-x86_64-fedora-clang | 0.2.1 | 110.65 | NOTE | |||
r-devel-linux-x86_64-fedora-gcc | 0.2.1 | 115.28 | OK | |||
r-devel-windows-x86_64 | 0.2.1 | 8.00 | 96.00 | 104.00 | NOTE | |
r-patched-linux-x86_64 | 0.2.1 | 6.79 | 74.85 | 81.64 | OK | |
r-release-linux-x86_64 | 0.2.1 | 7.04 | 75.04 | 82.08 | OK | |
r-release-macos-arm64 | 0.2.1 | 96.00 | NOTE | |||
r-release-macos-x86_64 | 0.2.1 | 128.00 | NOTE | |||
r-release-windows-x86_64 | 0.2.1 | 12.00 | 114.00 | 126.00 | NOTE | |
r-oldrel-macos-arm64 | 0.2.1 | 78.00 | NOTE | |||
r-oldrel-macos-x86_64 | 0.2.1 | 103.00 | NOTE | |||
r-oldrel-windows-x86_64 | 0.2.1 | 11.00 | 113.00 | 124.00 | NOTE |
Version: 0.2.1
Check: installed package size
Result: NOTE
installed size is 5.5Mb
sub-directories of 1Mb or more:
doc 5.3Mb
Flavors: r-devel-linux-x86_64-fedora-clang, r-devel-windows-x86_64, r-release-macos-arm64, r-release-macos-x86_64, r-release-windows-x86_64, r-oldrel-macos-arm64, r-oldrel-macos-x86_64, r-oldrel-windows-x86_64