CRAN Package Check Results for Package gprofiler2

Last updated on 2022-06-25 09:53:44 CEST.

Flavor Version Tinstall Tcheck Ttotal Status Flags
r-devel-linux-x86_64-debian-clang 0.2.1 9.94 86.99 96.93 OK
r-devel-linux-x86_64-debian-gcc 0.2.1 6.55 65.39 71.94 OK
r-devel-linux-x86_64-fedora-clang 0.2.1 121.97 NOTE
r-devel-linux-x86_64-fedora-gcc 0.2.1 121.25 OK
r-devel-windows-x86_64 0.2.1 33.00 146.00 179.00 NOTE
r-patched-linux-x86_64 0.2.1 7.78 83.57 91.35 OK
r-release-linux-x86_64 0.2.1 6.71 83.75 90.46 OK
r-release-macos-arm64 0.2.1 78.00 NOTE
r-release-macos-x86_64 0.2.1 103.00 NOTE
r-release-windows-x86_64 0.2.1 34.00 142.00 176.00 NOTE
r-oldrel-macos-arm64 0.2.1 174.00 NOTE
r-oldrel-macos-x86_64 0.2.1 92.00 NOTE
r-oldrel-windows-ix86+x86_64 0.2.1 20.00 137.00 157.00 NOTE

Check Details

Version: 0.2.1
Check: installed package size
Result: NOTE
     installed size is 5.5Mb
     sub-directories of 1Mb or more:
     doc 5.3Mb
Flavors: r-devel-linux-x86_64-fedora-clang, r-devel-windows-x86_64, r-release-macos-arm64, r-release-macos-x86_64, r-release-windows-x86_64, r-oldrel-macos-arm64, r-oldrel-macos-x86_64, r-oldrel-windows-ix86+x86_64