CRAN Package Check Results for Package gplm

Last updated on 2022-07-04 21:49:42 CEST.

Flavor Version Tinstall Tcheck Ttotal Status Flags
r-devel-linux-x86_64-debian-clang 0.7-4 10.69 90.22 100.91 OK
r-devel-linux-x86_64-debian-gcc 0.7-4 6.93 69.67 76.60 OK
r-devel-linux-x86_64-fedora-clang 0.7-4 133.12 NOTE
r-devel-linux-x86_64-fedora-gcc 0.7-4 133.76 NOTE
r-devel-windows-x86_64 0.7-4 22.00 146.00 168.00 OK
r-patched-linux-x86_64 0.7-4 9.51 86.71 96.22 OK
r-release-linux-x86_64 0.7-4 9.86 86.64 96.50 OK
r-release-macos-arm64 0.7-4 45.00 OK
r-release-macos-x86_64 0.7-4 74.00 OK
r-release-windows-x86_64 0.7-4 25.00 150.00 175.00 OK
r-oldrel-macos-arm64 0.7-4 70.00 OK
r-oldrel-macos-x86_64 0.7-4 84.00 OK
r-oldrel-windows-ix86+x86_64 0.7-4 24.00 146.00 170.00 OK

Check Details

Version: 0.7-4
Check: compiled code
Result: NOTE
    File ‘gplm/libs/gplm.so’:
     Found no calls to: ‘R_registerRoutines’, ‘R_useDynamicSymbols’
    
    It is good practice to register native routines and to disable symbol
    search.
    
    See ‘Writing portable packages’ in the ‘Writing R Extensions’ manual.
Flavors: r-devel-linux-x86_64-fedora-clang, r-devel-linux-x86_64-fedora-gcc