CRAN Package Check Results for Package gpindex

Last updated on 2021-09-22 08:50:10 CEST.

Flavor Version Tinstall Tcheck Ttotal Status Flags
r-devel-linux-x86_64-debian-clang 0.3.4 3.20 33.11 36.31 OK
r-devel-linux-x86_64-debian-gcc 0.3.4 2.56 25.80 28.36 OK
r-devel-linux-x86_64-fedora-clang 0.3.4 52.94 OK
r-devel-linux-x86_64-fedora-gcc 0.3.4 42.16 OK
r-devel-windows-x86_64 0.3.4 4.00 41.00 45.00 OK
r-devel-windows-x86_64-gcc10-UCRT 0.3.4 ERROR
r-patched-linux-x86_64 0.3.4 3.12 32.04 35.16 OK
r-patched-solaris-x86 0.3.4 60.60 OK
r-release-linux-x86_64 0.3.4 3.16 32.25 35.41 OK
r-release-macos-arm64 0.3.4 OK
r-release-macos-x86_64 0.3.4 OK
r-release-windows-ix86+x86_64 0.3.4 8.00 39.00 47.00 OK
r-oldrel-macos-x86_64 0.3.4 OK
r-oldrel-windows-ix86+x86_64 0.3.4 6.00 51.00 57.00 OK

Check Details

Version: 0.3.4
Check: PDF version of manual
Result: WARN
    LaTeX errors when creating PDF version.
    This typically indicates Rd problems.
Flavor: r-devel-windows-x86_64-gcc10-UCRT

Version: 0.3.4
Check: PDF version of manual without hyperrefs or index
Result: ERROR
    Re-running with no redirection of stdout/stderr.
Flavor: r-devel-windows-x86_64-gcc10-UCRT