Last updated on 2022-07-04 21:49:42 CEST.
Flavor | Version | Tinstall | Tcheck | Ttotal | Status | Flags |
---|---|---|---|---|---|---|
r-devel-linux-x86_64-debian-clang | 0.10.1 | 1.96 | 23.83 | 25.79 | NOTE | |
r-devel-linux-x86_64-debian-gcc | 0.10.1 | 1.92 | 18.62 | 20.54 | NOTE | |
r-devel-linux-x86_64-fedora-clang | 0.10.1 | 42.19 | NOTE | |||
r-devel-linux-x86_64-fedora-gcc | 0.10.1 | 41.25 | NOTE | |||
r-devel-windows-x86_64 | 0.10.1 | 42.00 | 50.00 | 92.00 | NOTE | |
r-patched-linux-x86_64 | 0.10.1 | 2.23 | 23.19 | 25.42 | NOTE | |
r-release-linux-x86_64 | 0.10.1 | 2.51 | 23.85 | 26.36 | NOTE | |
r-release-macos-arm64 | 0.10.1 | 17.00 | NOTE | |||
r-release-macos-x86_64 | 0.10.1 | 21.00 | NOTE | |||
r-release-windows-x86_64 | 0.10.1 | 43.00 | 52.00 | 95.00 | NOTE | |
r-oldrel-macos-arm64 | 0.10.1 | 20.00 | NOTE | |||
r-oldrel-macos-x86_64 | 0.10.1 | 27.00 | NOTE | |||
r-oldrel-windows-ix86+x86_64 | 0.10.1 | 6.00 | 44.00 | 50.00 | NOTE |
Version: 0.10.1
Check: LazyData
Result: NOTE
'LazyData' is specified without a 'data' directory
Flavors: r-devel-linux-x86_64-debian-clang, r-devel-linux-x86_64-debian-gcc, r-devel-linux-x86_64-fedora-clang, r-devel-linux-x86_64-fedora-gcc, r-devel-windows-x86_64, r-patched-linux-x86_64, r-release-linux-x86_64, r-release-macos-arm64, r-release-macos-x86_64, r-release-windows-x86_64, r-oldrel-macos-arm64, r-oldrel-macos-x86_64, r-oldrel-windows-ix86+x86_64