CRAN Package Check Results for Package googlesheets

Last updated on 2019-12-07 08:49:28 CET.

Flavor Version Tinstall Tcheck Ttotal Status Flags
r-devel-linux-x86_64-debian-clang 0.3.0 6.51 52.27 58.78 OK
r-devel-linux-x86_64-debian-gcc 0.3.0 5.77 40.77 46.54 OK
r-devel-linux-x86_64-fedora-clang 0.3.0 67.77 NOTE
r-devel-linux-x86_64-fedora-gcc 0.3.0 66.22 NOTE
r-devel-windows-ix86+x86_64 0.3.0 17.00 100.00 117.00 OK
r-devel-windows-ix86+x86_64-gcc8 0.3.0 17.00 74.00 91.00 OK
r-patched-linux-x86_64 0.3.0 6.37 47.68 54.05 OK
r-patched-solaris-x86 0.3.0 89.10 NOTE
r-release-linux-x86_64 0.3.0 5.61 48.09 53.70 OK
r-release-windows-ix86+x86_64 0.3.0 13.00 67.00 80.00 OK
r-release-osx-x86_64 0.3.0 NOTE
r-oldrel-windows-ix86+x86_64 0.3.0 10.00 88.00 98.00 OK
r-oldrel-osx-x86_64 0.3.0 NOTE

Check Details

Version: 0.3.0
Check: dependencies in R code
Result: NOTE
    Namespace in Imports field not imported from: ‘tibble’
     All declared Imports should be used.
Flavors: r-devel-linux-x86_64-fedora-clang, r-devel-linux-x86_64-fedora-gcc, r-patched-solaris-x86, r-release-osx-x86_64, r-oldrel-osx-x86_64