CRAN Package Check Results for Package googleLanguageR

Last updated on 2024-02-29 07:52:36 CET.

Flavor Version Tinstall Tcheck Ttotal Status Flags
r-devel-linux-x86_64-debian-clang 0.3.0 6.51 63.81 70.32 NOTE
r-devel-linux-x86_64-debian-gcc 0.3.0 5.17 48.50 53.67 NOTE
r-devel-linux-x86_64-fedora-clang 0.3.0 87.17 NOTE
r-devel-linux-x86_64-fedora-gcc 0.3.0 100.86 NOTE
r-devel-windows-x86_64 0.3.0 6.00 77.00 83.00 NOTE
r-patched-linux-x86_64 0.3.0 9.76 61.49 71.25 NOTE
r-release-linux-x86_64 0.3.0 6.35 61.77 68.12 NOTE
r-release-macos-arm64 0.3.0 58.00 NOTE
r-release-macos-x86_64 0.3.0 64.00 NOTE
r-release-windows-x86_64 0.3.0 8.00 82.00 90.00 NOTE
r-oldrel-macos-arm64 0.3.0 35.00 NOTE
r-oldrel-windows-x86_64 0.3.0 8.00 79.00 87.00 NOTE

Check Details

Version: 0.3.0
Check: Rd files
Result: NOTE checkRd: (-1) gl_nlp.Rd:31: Lost braces in \itemize; \value handles \item{}{} directly checkRd: (-1) gl_nlp.Rd:32: Lost braces in \itemize; \value handles \item{}{} directly checkRd: (-1) gl_nlp.Rd:33: Lost braces in \itemize; \value handles \item{}{} directly checkRd: (-1) gl_nlp.Rd:34: Lost braces in \itemize; \value handles \item{}{} directly checkRd: (-1) gl_nlp.Rd:35: Lost braces in \itemize; \value handles \item{}{} directly checkRd: (-1) gl_nlp.Rd:36: Lost braces in \itemize; \value handles \item{}{} directly checkRd: (-1) gl_nlp.Rd:37: Lost braces in \itemize; \value handles \item{}{} directly Flavors: r-devel-linux-x86_64-debian-clang, r-devel-linux-x86_64-debian-gcc, r-devel-linux-x86_64-fedora-clang, r-devel-linux-x86_64-fedora-gcc

Version: 0.3.0
Check: LazyData
Result: NOTE 'LazyData' is specified without a 'data' directory Flavors: r-devel-linux-x86_64-debian-clang, r-devel-linux-x86_64-debian-gcc, r-devel-linux-x86_64-fedora-clang, r-devel-linux-x86_64-fedora-gcc, r-devel-windows-x86_64, r-patched-linux-x86_64, r-release-linux-x86_64, r-release-macos-arm64, r-release-macos-x86_64, r-release-windows-x86_64, r-oldrel-macos-arm64, r-oldrel-windows-x86_64