CRAN Package Check Results for Package googleLanguageR

Last updated on 2023-01-26 19:49:28 CET.

Flavor Version Tinstall Tcheck Ttotal Status Flags
r-devel-linux-x86_64-debian-clang 0.3.0 5.62 60.77 66.39 NOTE
r-devel-linux-x86_64-debian-gcc 0.3.0 5.07 45.94 51.01 NOTE
r-devel-linux-x86_64-fedora-clang 0.3.0 84.04 NOTE
r-devel-linux-x86_64-fedora-gcc 0.3.0 90.03 NOTE
r-devel-windows-x86_64 0.3.0 40.00 96.00 136.00 NOTE
r-patched-linux-x86_64 0.3.0 7.19 57.82 65.01 NOTE
r-release-linux-x86_64 0.3.0 5.31 53.49 58.80 NOTE
r-release-macos-arm64 0.3.0 35.00 NOTE
r-release-macos-x86_64 0.3.0 47.00 NOTE
r-release-windows-x86_64 0.3.0 65.00 105.00 170.00 NOTE
r-oldrel-macos-arm64 0.3.0 31.00 NOTE
r-oldrel-macos-x86_64 0.3.0 64.00 NOTE
r-oldrel-windows-ix86+x86_64 0.3.0 14.00 90.00 104.00 NOTE

Check Details

Version: 0.3.0
Check: LazyData
Result: NOTE
     'LazyData' is specified without a 'data' directory
Flavors: r-devel-linux-x86_64-debian-clang, r-devel-linux-x86_64-debian-gcc, r-devel-linux-x86_64-fedora-clang, r-devel-linux-x86_64-fedora-gcc, r-devel-windows-x86_64, r-patched-linux-x86_64, r-release-linux-x86_64, r-release-macos-arm64, r-release-macos-x86_64, r-release-windows-x86_64, r-oldrel-macos-arm64, r-oldrel-macos-x86_64, r-oldrel-windows-ix86+x86_64