CRAN Package Check Results for Package goffda

Last updated on 2021-09-24 20:48:46 CEST.

Flavor Version Tinstall Tcheck Ttotal Status Flags
r-devel-linux-x86_64-debian-clang 0.1.0 40.24 119.30 159.54 OK
r-devel-linux-x86_64-debian-gcc 0.1.0 27.48 92.42 119.90 OK
r-devel-linux-x86_64-fedora-clang 0.1.0 209.25 NOTE
r-devel-linux-x86_64-fedora-gcc 0.1.0 190.97 NOTE
r-devel-windows-x86_64 0.1.0 39.00 115.00 154.00 OK
r-devel-windows-x86_64-gcc10-UCRT 0.1.0 NOTE
r-patched-linux-x86_64 0.1.0 33.07 115.96 149.03 OK
r-patched-solaris-x86 0.1.0 263.70 NOTE
r-release-linux-x86_64 0.1.0 31.97 116.39 148.36 OK
r-release-macos-arm64 0.1.0 NOTE
r-release-macos-x86_64 0.1.0 NOTE
r-release-windows-ix86+x86_64 0.1.0 93.00 176.00 269.00 OK
r-oldrel-macos-x86_64 0.1.0 NOTE
r-oldrel-windows-ix86+x86_64 0.1.0 68.00 175.00 243.00 OK

Check Details

Version: 0.1.0
Check: data for non-ASCII characters
Result: NOTE
     Note: found 1352 marked UTF-8 strings
Flavors: r-devel-linux-x86_64-fedora-clang, r-devel-linux-x86_64-fedora-gcc, r-devel-windows-x86_64-gcc10-UCRT, r-patched-solaris-x86, r-release-macos-arm64, r-release-macos-x86_64, r-oldrel-macos-x86_64