CRAN Package Check Results for Package gnumeric

Last updated on 2021-09-22 08:50:10 CEST.

Flavor Version Tinstall Tcheck Ttotal Status Flags
r-devel-linux-x86_64-debian-clang 0.7-8 2.67 29.91 32.58 OK
r-devel-linux-x86_64-debian-gcc 0.7-8 2.32 23.60 25.92 OK
r-devel-linux-x86_64-fedora-clang 0.7-8 48.34 NOTE
r-devel-linux-x86_64-fedora-gcc 0.7-8 37.68 OK
r-devel-windows-x86_64 0.7-8 4.00 35.00 39.00 OK
r-devel-windows-x86_64-gcc10-UCRT 0.7-8 ERROR
r-patched-linux-x86_64 0.7-8 2.75 29.14 31.89 OK
r-patched-solaris-x86 0.7-8 60.70 OK
r-release-linux-x86_64 0.7-8 2.54 29.01 31.55 OK
r-release-macos-arm64 0.7-8 OK
r-release-macos-x86_64 0.7-8 OK
r-release-windows-ix86+x86_64 0.7-8 6.00 33.00 39.00 OK
r-oldrel-macos-x86_64 0.7-8 OK
r-oldrel-windows-ix86+x86_64 0.7-8 27.00 33.00 60.00 OK

Check Details

Version: 0.7-8
Check: Rd cross-references
Result: NOTE
    Undeclared package ‘gdata’ in Rd xrefs
Flavor: r-devel-linux-x86_64-fedora-clang

Version: 0.7-8
Check: package dependencies
Result: ERROR
    Package required but not available: 'XML'
    
    See section 'The DESCRIPTION file' in the 'Writing R Extensions'
    manual.
Flavor: r-devel-windows-x86_64-gcc10-UCRT