CRAN Package Check Results for Package gnlm

Last updated on 2020-11-26 20:51:39 CET.

Flavor Version Tinstall Tcheck Ttotal Status Flags
r-devel-linux-x86_64-debian-clang 1.1.1 16.26 58.14 74.40 OK
r-devel-linux-x86_64-debian-gcc 1.1.1 11.07 42.80 53.87 OK
r-devel-linux-x86_64-fedora-clang 1.1.1 90.04 NOTE
r-devel-linux-x86_64-fedora-gcc 1.1.1 81.04 OK
r-devel-windows-ix86+x86_64 1.1.1 23.00 84.00 107.00 OK
r-patched-linux-x86_64 1.1.1 15.33 53.26 68.59 OK
r-patched-solaris-x86 1.1.1 96.10 OK
r-release-linux-x86_64 1.1.1 15.37 53.30 68.67 OK
r-release-macos-x86_64 1.1.1 OK
r-release-windows-ix86+x86_64 1.1.1 19.00 56.00 75.00 OK
r-oldrel-macos-x86_64 1.1.1 OK
r-oldrel-windows-ix86+x86_64 1.1.1 24.00 68.00 92.00 OK

Check Details

Version: 1.1.1
Check: Rd cross-references
Result: NOTE
    Undeclared package ‘repeated’ in Rd xrefs
Flavor: r-devel-linux-x86_64-fedora-clang