CRAN Package Check Results for Package gmodels

Last updated on 2020-10-30 08:49:04 CET.

Flavor Version Tinstall Tcheck Ttotal Status Flags
r-devel-linux-x86_64-debian-clang 2.18.1 3.21 30.49 33.70 OK
r-devel-linux-x86_64-debian-gcc 2.18.1 2.87 23.70 26.57 OK
r-devel-linux-x86_64-fedora-clang 2.18.1 49.28 NOTE
r-devel-linux-x86_64-fedora-gcc 2.18.1 39.87 OK
r-devel-windows-ix86+x86_64 2.18.1 7.00 45.00 52.00 OK
r-patched-linux-x86_64 2.18.1 3.55 29.17 32.72 OK
r-patched-solaris-x86 2.18.1 57.60 OK
r-release-linux-x86_64 2.18.1 3.13 29.24 32.37 OK
r-release-macos-x86_64 2.18.1 OK
r-release-windows-ix86+x86_64 2.18.1 5.00 33.00 38.00 OK
r-oldrel-macos-x86_64 2.18.1 OK
r-oldrel-windows-ix86+x86_64 2.18.1 19.00 47.00 66.00 OK

Check Details

Version: 2.18.1
Check: Rd cross-references
Result: NOTE
    Undeclared package ‘rms’ in Rd xrefs
Flavor: r-devel-linux-x86_64-fedora-clang